
{"version":"1.0","provider_name":"Rauchfrei Telefon","provider_url":"https:\/\/rauchfrei.at\/en\/","author_name":"Rauchfrei Team","author_url":"https:\/\/rauchfrei.at\/en\/author\/rauchfrei-team\/","title":"Asthma und Rauchen \u2013 das ist keine gute Verbindung! - Rauchfrei Telefon","type":"rich","width":600,"height":338,"html":"<blockquote class=\"wp-embedded-content\" data-secret=\"pupRARlK2s\"><a href=\"https:\/\/rauchfrei.at\/en\/asthma-und-rauchen-das-ist-keine-gute-verbindung\/\">Asthma und Rauchen \u2013 das ist keine gute Verbindung!<\/a><\/blockquote><iframe sandbox=\"allow-scripts\" security=\"restricted\" src=\"https:\/\/rauchfrei.at\/en\/asthma-und-rauchen-das-ist-keine-gute-verbindung\/embed\/#?secret=pupRARlK2s\" width=\"600\" height=\"338\" title=\"&#8220;Asthma und Rauchen \u2013 das ist keine gute Verbindung!&#8221; &#8212; Rauchfrei Telefon\" data-secret=\"pupRARlK2s\" frameborder=\"0\" marginwidth=\"0\" marginheight=\"0\" scrolling=\"no\" class=\"wp-embedded-content\"><\/iframe><script type=\"text\/javascript\">\n\/* <![CDATA[ *\/\n\/*! This file is auto-generated *\/\n!function(d,l){\"use strict\";l.querySelector&&d.addEventListener&&\"undefined\"!=typeof URL&&(d.wp=d.wp||{},d.wp.receiveEmbedMessage||(d.wp.receiveEmbedMessage=function(e){var t=e.data;if((t||t.secret||t.message||t.value)&&!\/[^a-zA-Z0-9]\/.test(t.secret)){for(var s,r,n,a=l.querySelectorAll('iframe[data-secret=\"'+t.secret+'\"]'),o=l.querySelectorAll('blockquote[data-secret=\"'+t.secret+'\"]'),c=new RegExp(\"^https?:$\",\"i\"),i=0;i<o.length;i++)o[i].style.display=\"none\";for(i=0;i<a.length;i++)s=a[i],e.source===s.contentWindow&&(s.removeAttribute(\"style\"),\"height\"===t.message?(1e3<(r=parseInt(t.value,10))?r=1e3:~~r<200&&(r=200),s.height=r):\"link\"===t.message&&(r=new URL(s.getAttribute(\"src\")),n=new URL(t.value),c.test(n.protocol))&&n.host===r.host&&l.activeElement===s&&(d.top.location.href=t.value))}},d.addEventListener(\"message\",d.wp.receiveEmbedMessage,!1),l.addEventListener(\"DOMContentLoaded\",function(){for(var e,t,s=l.querySelectorAll(\"iframe.wp-embedded-content\"),r=0;r<s.length;r++)(t=(e=s[r]).getAttribute(\"data-secret\"))||(t=Math.random().toString(36).substring(2,12),e.src+=\"#?secret=\"+t,e.setAttribute(\"data-secret\",t)),e.contentWindow.postMessage({message:\"ready\",secret:t},\"*\")},!1)))}(window,document);\n\/* ]]> *\/\n<\/script>\n","description":"Am 3.5. ist Welt-Asthma-Tag. Dieser Tag soll dazu beitragen m\u00f6glichst viele Menschen \u00fcber die Erkrankung Asthma, den Umgang mit ihr und auch wie sie fr\u00fch erkannt werden kann, aufzukl\u00e4ren. Auch der Rauchstopp spielt dabei eine wichtige Rolle."}

Am 3.5. ist Welt-Asthma-Tag. Dieser Tag soll dazu beitragen möglichst viele Menschen über die Erkrankung Asthma, den Umgang mit ihr und auch wie sie früh erkannt werden kann, aufzuklären. Auch der Rauchstopp spielt dabei eine wichtige Rolle.
