
{"version":"1.0","provider_name":"Rauchfrei Telefon","provider_url":"https:\/\/rauchfrei.at\/en\/","author_name":"Gastkommentar","author_url":"https:\/\/rauchfrei.at\/en\/author\/gastkommentar\/","title":"Die Fastenzeit \u2013 der optimale Zeitpunkt f\u00fcr einen Rauchstopp! - Rauchfrei Telefon","type":"rich","width":600,"height":338,"html":"<blockquote class=\"wp-embedded-content\" data-secret=\"rkidtJGBZ7\"><a href=\"https:\/\/rauchfrei.at\/en\/die-fastenzeit-der-optimale-zeitpunkt-fuer-einen-rauchstopp\/\">Die Fastenzeit \u2013 der optimale Zeitpunkt f\u00fcr einen Rauchstopp!<\/a><\/blockquote><iframe sandbox=\"allow-scripts\" security=\"restricted\" src=\"https:\/\/rauchfrei.at\/en\/die-fastenzeit-der-optimale-zeitpunkt-fuer-einen-rauchstopp\/embed\/#?secret=rkidtJGBZ7\" width=\"600\" height=\"338\" title=\"&#8220;Die Fastenzeit \u2013 der optimale Zeitpunkt f\u00fcr einen Rauchstopp!&#8221; &#8212; Rauchfrei Telefon\" data-secret=\"rkidtJGBZ7\" frameborder=\"0\" marginwidth=\"0\" marginheight=\"0\" scrolling=\"no\" class=\"wp-embedded-content\"><\/iframe><script type=\"text\/javascript\">\n\/* <![CDATA[ *\/\n\/*! This file is auto-generated *\/\n!function(d,l){\"use strict\";l.querySelector&&d.addEventListener&&\"undefined\"!=typeof URL&&(d.wp=d.wp||{},d.wp.receiveEmbedMessage||(d.wp.receiveEmbedMessage=function(e){var t=e.data;if((t||t.secret||t.message||t.value)&&!\/[^a-zA-Z0-9]\/.test(t.secret)){for(var s,r,n,a=l.querySelectorAll('iframe[data-secret=\"'+t.secret+'\"]'),o=l.querySelectorAll('blockquote[data-secret=\"'+t.secret+'\"]'),c=new RegExp(\"^https?:$\",\"i\"),i=0;i<o.length;i++)o[i].style.display=\"none\";for(i=0;i<a.length;i++)s=a[i],e.source===s.contentWindow&&(s.removeAttribute(\"style\"),\"height\"===t.message?(1e3<(r=parseInt(t.value,10))?r=1e3:~~r<200&&(r=200),s.height=r):\"link\"===t.message&&(r=new URL(s.getAttribute(\"src\")),n=new URL(t.value),c.test(n.protocol))&&n.host===r.host&&l.activeElement===s&&(d.top.location.href=t.value))}},d.addEventListener(\"message\",d.wp.receiveEmbedMessage,!1),l.addEventListener(\"DOMContentLoaded\",function(){for(var e,t,s=l.querySelectorAll(\"iframe.wp-embedded-content\"),r=0;r<s.length;r++)(t=(e=s[r]).getAttribute(\"data-secret\"))||(t=Math.random().toString(36).substring(2,12),e.src+=\"#?secret=\"+t,e.setAttribute(\"data-secret\",t)),e.contentWindow.postMessage({message:\"ready\",secret:t},\"*\")},!1)))}(window,document);\n\/* ]]> *\/\n<\/script>\n","description":"Die Faschingszeit neigt sich dem Ende zu. Mit dem Aschermittwoch beginnt die sechsw\u00f6chige Fastenzeit. F\u00fcr manche ist diese Zeit ein Anlass ihren Zigarettenkonsum einzuschr\u00e4nken. Wussten Sie, dass es einfacher ist einen kompletten Rauchstopp umzusetzen, als langfristig weniger zu rauchen?"}

Die Fastenzeit – der optimale Zeitpunkt für einen Rauchstopp! - Rauchfrei Telefon

<blockquote class="wp-embedded-content" data-secret="rkidtJGBZ7"><a href="https://rauchfrei.at/en/die-fastenzeit-der-optimale-zeitpunkt-fuer-einen-rauchstopp/">Die Fastenzeit – der optimale Zeitpunkt für einen Rauchstopp!</a></blockquote><iframe sandbox="allow-scripts" security="restricted" src="https://rauchfrei.at/en/die-fastenzeit-der-optimale-zeitpunkt-fuer-einen-rauchstopp/embed/#?secret=rkidtJGBZ7" width="600" height="338" title="&#8220;Die Fastenzeit – der optimale Zeitpunkt für einen Rauchstopp!&#8221; &#8212; Rauchfrei Telefon" data-secret="rkidtJGBZ7" frameborder="0" marginwidth="0" marginheight="0" scrolling="no" class="wp-embedded-content"></iframe><script type="text/javascript">
/* <![CDATA[ */
/*! This file is auto-generated */
!function(d,l){"use strict";l.querySelector&&d.addEventListener&&"undefined"!=typeof URL&&(d.wp=d.wp||{},d.wp.receiveEmbedMessage||(d.wp.receiveEmbedMessage=function(e){var t=e.data;if((t||t.secret||t.message||t.value)&&!/[^a-zA-Z0-9]/.test(t.secret)){for(var s,r,n,a=l.querySelectorAll('iframe[data-secret="'+t.secret+'"]'),o=l.querySelectorAll('blockquote[data-secret="'+t.secret+'"]'),c=new RegExp("^https?:$","i"),i=0;i<o.length;i++)o[i].style.display="none";for(i=0;i<a.length;i++)s=a[i],e.source===s.contentWindow&&(s.removeAttribute("style"),"height"===t.message?(1e3<(r=parseInt(t.value,10))?r=1e3:~~r<200&&(r=200),s.height=r):"link"===t.message&&(r=new URL(s.getAttribute("src")),n=new URL(t.value),c.test(n.protocol))&&n.host===r.host&&l.activeElement===s&&(d.top.location.href=t.value))}},d.addEventListener("message",d.wp.receiveEmbedMessage,!1),l.addEventListener("DOMContentLoaded",function(){for(var e,t,s=l.querySelectorAll("iframe.wp-embedded-content"),r=0;r<s.length;r++)(t=(e=s[r]).getAttribute("data-secret"))||(t=Math.random().toString(36).substring(2,12),e.src+="#?secret="+t,e.setAttribute("data-secret",t)),e.contentWindow.postMessage({message:"ready",secret:t},"*")},!1)))}(window,document);
/* ]]> */
</script>

Die Faschingszeit neigt sich dem Ende zu. Mit dem Aschermittwoch beginnt die sechswöchige Fastenzeit. Für manche ist diese Zeit ein Anlass ihren Zigarettenkonsum einzuschränken. Wussten Sie, dass es einfacher ist einen kompletten Rauchstopp umzusetzen, als langfristig weniger zu rauchen?
