
{"version":"1.0","provider_name":"Rauchfrei Telefon","provider_url":"https:\/\/rauchfrei.at\/en\/","author_name":"Melanie Stulik","author_url":"https:\/\/rauchfrei.at\/en\/author\/melanie-stulik\/","title":"Heidelberg: \"Advent der Tabakentw\u00f6hnung\" - Rauchfrei Telefon","type":"rich","width":600,"height":338,"html":"<blockquote class=\"wp-embedded-content\" data-secret=\"zV06ASrzvn\"><a href=\"https:\/\/rauchfrei.at\/en\/heidelberg-advent-der-tabakentwoehnung\/\">Heidelberg: &#8220;Advent der Tabakentw\u00f6hnung&#8221;<\/a><\/blockquote><iframe sandbox=\"allow-scripts\" security=\"restricted\" src=\"https:\/\/rauchfrei.at\/en\/heidelberg-advent-der-tabakentwoehnung\/embed\/#?secret=zV06ASrzvn\" width=\"600\" height=\"338\" title=\"&#8220;Heidelberg: &#8220;Advent der Tabakentw\u00f6hnung&#8221;&#8221; &#8212; Rauchfrei Telefon\" data-secret=\"zV06ASrzvn\" frameborder=\"0\" marginwidth=\"0\" marginheight=\"0\" scrolling=\"no\" class=\"wp-embedded-content\"><\/iframe><script type=\"text\/javascript\">\n\/* <![CDATA[ *\/\n\/*! This file is auto-generated *\/\n!function(d,l){\"use strict\";l.querySelector&&d.addEventListener&&\"undefined\"!=typeof URL&&(d.wp=d.wp||{},d.wp.receiveEmbedMessage||(d.wp.receiveEmbedMessage=function(e){var t=e.data;if((t||t.secret||t.message||t.value)&&!\/[^a-zA-Z0-9]\/.test(t.secret)){for(var s,r,n,a=l.querySelectorAll('iframe[data-secret=\"'+t.secret+'\"]'),o=l.querySelectorAll('blockquote[data-secret=\"'+t.secret+'\"]'),c=new RegExp(\"^https?:$\",\"i\"),i=0;i<o.length;i++)o[i].style.display=\"none\";for(i=0;i<a.length;i++)s=a[i],e.source===s.contentWindow&&(s.removeAttribute(\"style\"),\"height\"===t.message?(1e3<(r=parseInt(t.value,10))?r=1e3:~~r<200&&(r=200),s.height=r):\"link\"===t.message&&(r=new URL(s.getAttribute(\"src\")),n=new URL(t.value),c.test(n.protocol))&&n.host===r.host&&l.activeElement===s&&(d.top.location.href=t.value))}},d.addEventListener(\"message\",d.wp.receiveEmbedMessage,!1),l.addEventListener(\"DOMContentLoaded\",function(){for(var e,t,s=l.querySelectorAll(\"iframe.wp-embedded-content\"),r=0;r<s.length;r++)(t=(e=s[r]).getAttribute(\"data-secret\"))||(t=Math.random().toString(36).substring(2,12),e.src+=\"#?secret=\"+t,e.setAttribute(\"data-secret\",t)),e.contentWindow.postMessage({message:\"ready\",secret:t},\"*\")},!1)))}(window,document);\n\/* ]]> *\/\n<\/script>\n","description":"Letzte Woche fand in Heidelberg die 14. Deutsche Konferenz f\u00fcr Tabakkontrolle statt. Auch heuer haben wir wieder die Gelegenheit genutzt, \u00d6sterreich dort zu vertreten und die neuesten Entwicklungen der \u00f6sterreichischen Tabakkontrollpolitik sowie die Arbeit des Rauchfrei Telefons zu pr\u00e4sentieren. Hier ein paar Eindr\u00fccke und Erkenntnisse...","thumbnail_url":"https:\/\/rauchfrei.at\/wp-content\/uploads\/TabakkonferenzHeidelberg2016-480x660.jpg"}

Heidelberg: "Advent der Tabakentwöhnung" - Rauchfrei Telefon

<blockquote class="wp-embedded-content" data-secret="zV06ASrzvn"><a href="https://rauchfrei.at/en/heidelberg-advent-der-tabakentwoehnung/">Heidelberg: &#8220;Advent der Tabakentwöhnung&#8221;</a></blockquote><iframe sandbox="allow-scripts" security="restricted" src="https://rauchfrei.at/en/heidelberg-advent-der-tabakentwoehnung/embed/#?secret=zV06ASrzvn" width="600" height="338" title="&#8220;Heidelberg: &#8220;Advent der Tabakentwöhnung&#8221;&#8221; &#8212; Rauchfrei Telefon" data-secret="zV06ASrzvn" frameborder="0" marginwidth="0" marginheight="0" scrolling="no" class="wp-embedded-content"></iframe><script type="text/javascript">
/* <![CDATA[ */
/*! This file is auto-generated */
!function(d,l){"use strict";l.querySelector&&d.addEventListener&&"undefined"!=typeof URL&&(d.wp=d.wp||{},d.wp.receiveEmbedMessage||(d.wp.receiveEmbedMessage=function(e){var t=e.data;if((t||t.secret||t.message||t.value)&&!/[^a-zA-Z0-9]/.test(t.secret)){for(var s,r,n,a=l.querySelectorAll('iframe[data-secret="'+t.secret+'"]'),o=l.querySelectorAll('blockquote[data-secret="'+t.secret+'"]'),c=new RegExp("^https?:$","i"),i=0;i<o.length;i++)o[i].style.display="none";for(i=0;i<a.length;i++)s=a[i],e.source===s.contentWindow&&(s.removeAttribute("style"),"height"===t.message?(1e3<(r=parseInt(t.value,10))?r=1e3:~~r<200&&(r=200),s.height=r):"link"===t.message&&(r=new URL(s.getAttribute("src")),n=new URL(t.value),c.test(n.protocol))&&n.host===r.host&&l.activeElement===s&&(d.top.location.href=t.value))}},d.addEventListener("message",d.wp.receiveEmbedMessage,!1),l.addEventListener("DOMContentLoaded",function(){for(var e,t,s=l.querySelectorAll("iframe.wp-embedded-content"),r=0;r<s.length;r++)(t=(e=s[r]).getAttribute("data-secret"))||(t=Math.random().toString(36).substring(2,12),e.src+="#?secret="+t,e.setAttribute("data-secret",t)),e.contentWindow.postMessage({message:"ready",secret:t},"*")},!1)))}(window,document);
/* ]]> */
</script>

Letzte Woche fand in Heidelberg die 14. Deutsche Konferenz für Tabakkontrolle statt. Auch heuer haben wir wieder die Gelegenheit genutzt, Österreich dort zu vertreten und die neuesten Entwicklungen der österreichischen Tabakkontrollpolitik sowie die Arbeit des Rauchfrei Telefons zu präsentieren. Hier ein paar Eindrücke und Erkenntnisse...
