
{"version":"1.0","provider_name":"Rauchfrei Telefon","provider_url":"https:\/\/rauchfrei.at\/en\/","author_name":"Andrea B\u00fcttner","author_url":"https:\/\/rauchfrei.at\/en\/author\/buettner\/","title":"Jugend und Rauchen - Rauchfrei Telefon","type":"rich","width":600,"height":338,"html":"<blockquote class=\"wp-embedded-content\" data-secret=\"k1vbN8y221\"><a href=\"https:\/\/rauchfrei.at\/en\/jugend-und-rauchen\/\">Jugend und Rauchen<\/a><\/blockquote><iframe sandbox=\"allow-scripts\" security=\"restricted\" src=\"https:\/\/rauchfrei.at\/en\/jugend-und-rauchen\/embed\/#?secret=k1vbN8y221\" width=\"600\" height=\"338\" title=\"&#8220;Jugend und Rauchen&#8221; &#8212; Rauchfrei Telefon\" data-secret=\"k1vbN8y221\" frameborder=\"0\" marginwidth=\"0\" marginheight=\"0\" scrolling=\"no\" class=\"wp-embedded-content\"><\/iframe><script type=\"text\/javascript\">\n\/* <![CDATA[ *\/\n\/*! This file is auto-generated *\/\n!function(d,l){\"use strict\";l.querySelector&&d.addEventListener&&\"undefined\"!=typeof URL&&(d.wp=d.wp||{},d.wp.receiveEmbedMessage||(d.wp.receiveEmbedMessage=function(e){var t=e.data;if((t||t.secret||t.message||t.value)&&!\/[^a-zA-Z0-9]\/.test(t.secret)){for(var s,r,n,a=l.querySelectorAll('iframe[data-secret=\"'+t.secret+'\"]'),o=l.querySelectorAll('blockquote[data-secret=\"'+t.secret+'\"]'),c=new RegExp(\"^https?:$\",\"i\"),i=0;i<o.length;i++)o[i].style.display=\"none\";for(i=0;i<a.length;i++)s=a[i],e.source===s.contentWindow&&(s.removeAttribute(\"style\"),\"height\"===t.message?(1e3<(r=parseInt(t.value,10))?r=1e3:~~r<200&&(r=200),s.height=r):\"link\"===t.message&&(r=new URL(s.getAttribute(\"src\")),n=new URL(t.value),c.test(n.protocol))&&n.host===r.host&&l.activeElement===s&&(d.top.location.href=t.value))}},d.addEventListener(\"message\",d.wp.receiveEmbedMessage,!1),l.addEventListener(\"DOMContentLoaded\",function(){for(var e,t,s=l.querySelectorAll(\"iframe.wp-embedded-content\"),r=0;r<s.length;r++)(t=(e=s[r]).getAttribute(\"data-secret\"))||(t=Math.random().toString(36).substring(2,12),e.src+=\"#?secret=\"+t,e.setAttribute(\"data-secret\",t)),e.contentWindow.postMessage({message:\"ready\",secret:t},\"*\")},!1)))}(window,document);\n\/* ]]> *\/\n<\/script>\n","description":"Am 8. Mai veranstaltet der Hauptverband der \u00f6sterreichischen Sozialversicherungstr\u00e4ger gemeinsam mit der N\u00d6 Gebietskrankenkasse anl\u00e4sslich des Weltnichtrauchertages ein Symposium zum Thema \u201eJugend und Rauchen\u201c in St. P\u00f6lten. Anlass war unter anderem das im Vorjahr kolportierte Anheben des Bezugsalters von 16 auf 18 Jahre mit Mai 2018, das nun voraussichtlich mit 1.1.2019 umgesetzt wird."}

Andrea Büttner

Am 8. Mai veranstaltet der Hauptverband der österreichischen Sozialversicherungsträger gemeinsam mit der NÖ Gebietskrankenkasse anlässlich des Weltnichtrauchertages ein Symposium zum Thema „Jugend und Rauchen“ in St. Pölten. Anlass war unter anderem das im Vorjahr kolportierte Anheben des Bezugsalters von 16 auf 18 Jahre mit Mai 2018, das nun voraussichtlich mit 1.1.2019 umgesetzt wird.
