
{"version":"1.0","provider_name":"Rauchfrei Telefon","provider_url":"https:\/\/rauchfrei.at\/en\/","author_name":"Melanie Stulik","author_url":"https:\/\/rauchfrei.at\/en\/author\/melanie-stulik\/","title":"Rauchen im Auto kann f\u00fcr alle gef\u00e4hrlich werden - Rauchfrei Telefon","type":"rich","width":600,"height":338,"html":"<blockquote class=\"wp-embedded-content\" data-secret=\"SIgtCjDYfH\"><a href=\"https:\/\/rauchfrei.at\/en\/rauchen-im-auto-kann-fuer-alle-gefaehrlich-werden\/\">Rauchen im Auto kann f\u00fcr alle gef\u00e4hrlich werden<\/a><\/blockquote><iframe sandbox=\"allow-scripts\" security=\"restricted\" src=\"https:\/\/rauchfrei.at\/en\/rauchen-im-auto-kann-fuer-alle-gefaehrlich-werden\/embed\/#?secret=SIgtCjDYfH\" width=\"600\" height=\"338\" title=\"&#8220;Rauchen im Auto kann f\u00fcr alle gef\u00e4hrlich werden&#8221; &#8212; Rauchfrei Telefon\" data-secret=\"SIgtCjDYfH\" frameborder=\"0\" marginwidth=\"0\" marginheight=\"0\" scrolling=\"no\" class=\"wp-embedded-content\"><\/iframe><script type=\"text\/javascript\">\n\/* <![CDATA[ *\/\n\/*! This file is auto-generated *\/\n!function(d,l){\"use strict\";l.querySelector&&d.addEventListener&&\"undefined\"!=typeof URL&&(d.wp=d.wp||{},d.wp.receiveEmbedMessage||(d.wp.receiveEmbedMessage=function(e){var t=e.data;if((t||t.secret||t.message||t.value)&&!\/[^a-zA-Z0-9]\/.test(t.secret)){for(var s,r,n,a=l.querySelectorAll('iframe[data-secret=\"'+t.secret+'\"]'),o=l.querySelectorAll('blockquote[data-secret=\"'+t.secret+'\"]'),c=new RegExp(\"^https?:$\",\"i\"),i=0;i<o.length;i++)o[i].style.display=\"none\";for(i=0;i<a.length;i++)s=a[i],e.source===s.contentWindow&&(s.removeAttribute(\"style\"),\"height\"===t.message?(1e3<(r=parseInt(t.value,10))?r=1e3:~~r<200&&(r=200),s.height=r):\"link\"===t.message&&(r=new URL(s.getAttribute(\"src\")),n=new URL(t.value),c.test(n.protocol))&&n.host===r.host&&l.activeElement===s&&(d.top.location.href=t.value))}},d.addEventListener(\"message\",d.wp.receiveEmbedMessage,!1),l.addEventListener(\"DOMContentLoaded\",function(){for(var e,t,s=l.querySelectorAll(\"iframe.wp-embedded-content\"),r=0;r<s.length;r++)(t=(e=s[r]).getAttribute(\"data-secret\"))||(t=Math.random().toString(36).substring(2,12),e.src+=\"#?secret=\"+t,e.setAttribute(\"data-secret\",t)),e.contentWindow.postMessage({message:\"ready\",secret:t},\"*\")},!1)))}(window,document);\n\/* ]]> *\/\n<\/script>\n","description":"In Nieder\u00f6sterreich starten deshalb das Land Nieder\u00f6sterreich und die N\u00d6GKK gemeinsam mit dem ARB\u00d6 die Kampagne \"Unser Auto ist rauchfrei!\" Ziel ist, mehr Bewusstsein daf\u00fcr zu schaffen, dass die Passivrauchbelastung besonders in engen R\u00e4umen sehr hoch ist und die Schadstoffkonzentration in Autos lange bestehen bleibt. Warum es wichtig ist, sich und andere zu sch\u00fctzen, erfahren Sie im Blog!","thumbnail_url":"https:\/\/rauchfrei.at\/wp-content\/uploads\/RauchfreiesAuto1-480x338.jpg"}

Rauchen im Auto kann für alle gefährlich werden - Rauchfrei Telefon

<blockquote class="wp-embedded-content" data-secret="SIgtCjDYfH"><a href="https://rauchfrei.at/en/rauchen-im-auto-kann-fuer-alle-gefaehrlich-werden/">Rauchen im Auto kann für alle gefährlich werden</a></blockquote><iframe sandbox="allow-scripts" security="restricted" src="https://rauchfrei.at/en/rauchen-im-auto-kann-fuer-alle-gefaehrlich-werden/embed/#?secret=SIgtCjDYfH" width="600" height="338" title="&#8220;Rauchen im Auto kann für alle gefährlich werden&#8221; &#8212; Rauchfrei Telefon" data-secret="SIgtCjDYfH" frameborder="0" marginwidth="0" marginheight="0" scrolling="no" class="wp-embedded-content"></iframe><script type="text/javascript">
/* <![CDATA[ */
/*! This file is auto-generated */
!function(d,l){"use strict";l.querySelector&&d.addEventListener&&"undefined"!=typeof URL&&(d.wp=d.wp||{},d.wp.receiveEmbedMessage||(d.wp.receiveEmbedMessage=function(e){var t=e.data;if((t||t.secret||t.message||t.value)&&!/[^a-zA-Z0-9]/.test(t.secret)){for(var s,r,n,a=l.querySelectorAll('iframe[data-secret="'+t.secret+'"]'),o=l.querySelectorAll('blockquote[data-secret="'+t.secret+'"]'),c=new RegExp("^https?:$","i"),i=0;i<o.length;i++)o[i].style.display="none";for(i=0;i<a.length;i++)s=a[i],e.source===s.contentWindow&&(s.removeAttribute("style"),"height"===t.message?(1e3<(r=parseInt(t.value,10))?r=1e3:~~r<200&&(r=200),s.height=r):"link"===t.message&&(r=new URL(s.getAttribute("src")),n=new URL(t.value),c.test(n.protocol))&&n.host===r.host&&l.activeElement===s&&(d.top.location.href=t.value))}},d.addEventListener("message",d.wp.receiveEmbedMessage,!1),l.addEventListener("DOMContentLoaded",function(){for(var e,t,s=l.querySelectorAll("iframe.wp-embedded-content"),r=0;r<s.length;r++)(t=(e=s[r]).getAttribute("data-secret"))||(t=Math.random().toString(36).substring(2,12),e.src+="#?secret="+t,e.setAttribute("data-secret",t)),e.contentWindow.postMessage({message:"ready",secret:t},"*")},!1)))}(window,document);
/* ]]> */
</script>

In Niederösterreich starten deshalb das Land Niederösterreich und die NÖGKK gemeinsam mit dem ARBÖ die Kampagne "Unser Auto ist rauchfrei!" Ziel ist, mehr Bewusstsein dafür zu schaffen, dass die Passivrauchbelastung besonders in engen Räumen sehr hoch ist und die Schadstoffkonzentration in Autos lange bestehen bleibt. Warum es wichtig ist, sich und andere zu schützen, erfahren Sie im Blog!
