
{"version":"1.0","provider_name":"Rauchfrei Telefon","provider_url":"https:\/\/rauchfrei.at\/en\/","author_name":"Rauchfrei Team","author_url":"https:\/\/rauchfrei.at\/en\/author\/rauchfrei-team\/","title":"Rauchen passt nicht mehr zu mir! - Rauchfrei Telefon","type":"rich","width":600,"height":338,"html":"<blockquote class=\"wp-embedded-content\" data-secret=\"QQGazJUXzf\"><a href=\"https:\/\/rauchfrei.at\/en\/rauchen-passt-nicht-mehr-zu-mir-2\/\">Rauchen passt nicht mehr zu mir!<\/a><\/blockquote><iframe sandbox=\"allow-scripts\" security=\"restricted\" src=\"https:\/\/rauchfrei.at\/en\/rauchen-passt-nicht-mehr-zu-mir-2\/embed\/#?secret=QQGazJUXzf\" width=\"600\" height=\"338\" title=\"&#8220;Rauchen passt nicht mehr zu mir!&#8221; &#8212; Rauchfrei Telefon\" data-secret=\"QQGazJUXzf\" frameborder=\"0\" marginwidth=\"0\" marginheight=\"0\" scrolling=\"no\" class=\"wp-embedded-content\"><\/iframe><script type=\"text\/javascript\">\n\/* <![CDATA[ *\/\n\/*! This file is auto-generated *\/\n!function(d,l){\"use strict\";l.querySelector&&d.addEventListener&&\"undefined\"!=typeof URL&&(d.wp=d.wp||{},d.wp.receiveEmbedMessage||(d.wp.receiveEmbedMessage=function(e){var t=e.data;if((t||t.secret||t.message||t.value)&&!\/[^a-zA-Z0-9]\/.test(t.secret)){for(var s,r,n,a=l.querySelectorAll('iframe[data-secret=\"'+t.secret+'\"]'),o=l.querySelectorAll('blockquote[data-secret=\"'+t.secret+'\"]'),c=new RegExp(\"^https?:$\",\"i\"),i=0;i<o.length;i++)o[i].style.display=\"none\";for(i=0;i<a.length;i++)s=a[i],e.source===s.contentWindow&&(s.removeAttribute(\"style\"),\"height\"===t.message?(1e3<(r=parseInt(t.value,10))?r=1e3:~~r<200&&(r=200),s.height=r):\"link\"===t.message&&(r=new URL(s.getAttribute(\"src\")),n=new URL(t.value),c.test(n.protocol))&&n.host===r.host&&l.activeElement===s&&(d.top.location.href=t.value))}},d.addEventListener(\"message\",d.wp.receiveEmbedMessage,!1),l.addEventListener(\"DOMContentLoaded\",function(){for(var e,t,s=l.querySelectorAll(\"iframe.wp-embedded-content\"),r=0;r<s.length;r++)(t=(e=s[r]).getAttribute(\"data-secret\"))||(t=Math.random().toString(36).substring(2,12),e.src+=\"#?secret=\"+t,e.setAttribute(\"data-secret\",t)),e.contentWindow.postMessage({message:\"ready\",secret:t},\"*\")},!1)))}(window,document);\n\/* ]]> *\/\n<\/script>\n","description":"Im Rahmen der Aktion \u201eRauchen passt nicht mehr zu mir\u201c von VIVID \u2013 Fachstelle f\u00fcr Suchtpr\u00e4vention erz\u00e4hlten 291 Ex-Raucher\/innen, warum sie aufgeh\u00f6rt haben. Die Motive reichen vom Wunsch, dass die Zigarette nicht das eigene Leben bestimmt bis zum Wunsch, ein gutes Vorbild f\u00fcr sein Kind zu sein. Anl\u00e4sslich des Weltnichtrauchertags regten echte Ex-Raucher\/innen mit ihren echten Rauchstopp-Motiven auf Plakaten zum Rauchstopp an.","thumbnail_url":"https:\/\/rauchfrei.at\/wp-content\/uploads\/PK-Weltnichtrauchertag-2019-VIVID-002-480x320.jpg"}

Im Rahmen der Aktion „Rauchen passt nicht mehr zu mir“ von VIVID – Fachstelle für Suchtprävention erzählten 291 Ex-Raucher/innen, warum sie aufgehört haben. Die Motive reichen vom Wunsch, dass die Zigarette nicht das eigene Leben bestimmt bis zum Wunsch, ein gutes Vorbild für sein Kind zu sein. Anlässlich des Weltnichtrauchertags regten echte Ex-Raucher/innen mit ihren echten Rauchstopp-Motiven auf Plakaten zum Rauchstopp an.
