
{"version":"1.0","provider_name":"Rauchfrei Telefon","provider_url":"https:\/\/rauchfrei.at\/en\/","author_name":"Gastkommentar","author_url":"https:\/\/rauchfrei.at\/en\/author\/gastkommentar\/","title":"Rauchfrei im Herbst - Rauchfrei Telefon","type":"rich","width":600,"height":338,"html":"<blockquote class=\"wp-embedded-content\" data-secret=\"5HRw61sdtw\"><a href=\"https:\/\/rauchfrei.at\/en\/rauchfrei-im-herbst\/\">Rauchfrei im Herbst<\/a><\/blockquote><iframe sandbox=\"allow-scripts\" security=\"restricted\" src=\"https:\/\/rauchfrei.at\/en\/rauchfrei-im-herbst\/embed\/#?secret=5HRw61sdtw\" width=\"600\" height=\"338\" title=\"&#8220;Rauchfrei im Herbst&#8221; &#8212; Rauchfrei Telefon\" data-secret=\"5HRw61sdtw\" frameborder=\"0\" marginwidth=\"0\" marginheight=\"0\" scrolling=\"no\" class=\"wp-embedded-content\"><\/iframe><script type=\"text\/javascript\">\n\/* <![CDATA[ *\/\n\/*! This file is auto-generated *\/\n!function(d,l){\"use strict\";l.querySelector&&d.addEventListener&&\"undefined\"!=typeof URL&&(d.wp=d.wp||{},d.wp.receiveEmbedMessage||(d.wp.receiveEmbedMessage=function(e){var t=e.data;if((t||t.secret||t.message||t.value)&&!\/[^a-zA-Z0-9]\/.test(t.secret)){for(var s,r,n,a=l.querySelectorAll('iframe[data-secret=\"'+t.secret+'\"]'),o=l.querySelectorAll('blockquote[data-secret=\"'+t.secret+'\"]'),c=new RegExp(\"^https?:$\",\"i\"),i=0;i<o.length;i++)o[i].style.display=\"none\";for(i=0;i<a.length;i++)s=a[i],e.source===s.contentWindow&&(s.removeAttribute(\"style\"),\"height\"===t.message?(1e3<(r=parseInt(t.value,10))?r=1e3:~~r<200&&(r=200),s.height=r):\"link\"===t.message&&(r=new URL(s.getAttribute(\"src\")),n=new URL(t.value),c.test(n.protocol))&&n.host===r.host&&l.activeElement===s&&(d.top.location.href=t.value))}},d.addEventListener(\"message\",d.wp.receiveEmbedMessage,!1),l.addEventListener(\"DOMContentLoaded\",function(){for(var e,t,s=l.querySelectorAll(\"iframe.wp-embedded-content\"),r=0;r<s.length;r++)(t=(e=s[r]).getAttribute(\"data-secret\"))||(t=Math.random().toString(36).substring(2,12),e.src+=\"#?secret=\"+t,e.setAttribute(\"data-secret\",t)),e.contentWindow.postMessage({message:\"ready\",secret:t},\"*\")},!1)))}(window,document);\n\/* ]]> *\/\n<\/script>\n","description":"Ver\u00e4nderung liegt in der Luft! Im Herbst verf\u00e4rben sich nicht nur die Bl\u00e4tter. Mit Schulstart, Semesterbeginn und Jahresabschluss warten nicht nur auf Sch\u00fcler\/innen neuen Herausforderungen. Mit den k\u00fchleren Temperaturen und den Energien nach der Sommerpause wird oft auch der Wunsch nach einer pers\u00f6nlichen Ver\u00e4nderung sp\u00fcrbar. Der Start in die Rauchfreiheit bietet M\u00f6glichkeit dazu und l\u00e4sst die klare Herbstluft noch besser genie\u00dfen!","thumbnail_url":"https:\/\/rauchfrei.at\/wp-content\/uploads\/shutterstock_495862552-480x328.jpg"}

Veränderung liegt in der Luft! Im Herbst verfärben sich nicht nur die Blätter. Mit Schulstart, Semesterbeginn und Jahresabschluss warten nicht nur auf Schüler/innen neuen Herausforderungen. Mit den kühleren Temperaturen und den Energien nach der Sommerpause wird oft auch der Wunsch nach einer persönlichen Veränderung spürbar. Der Start in die Rauchfreiheit bietet Möglichkeit dazu und lässt die klare Herbstluft noch besser genießen!
