
{"version":"1.0","provider_name":"Rauchfrei Telefon","provider_url":"https:\/\/rauchfrei.at\/en\/","author_name":"Andrea B\u00fcttner","author_url":"https:\/\/rauchfrei.at\/en\/author\/buettner\/","title":"Unsere Umwelt - ein gutes Motiv f\u00fcr den Rauchstopp! - Rauchfrei Telefon","type":"rich","width":600,"height":338,"html":"<blockquote class=\"wp-embedded-content\" data-secret=\"Qp7zlN6byf\"><a href=\"https:\/\/rauchfrei.at\/en\/unsere-umwelt-ein-gutes-motiv-fuer-den-rauchstopp\/\">Unsere Umwelt &#8211; ein gutes Motiv f\u00fcr den Rauchstopp!<\/a><\/blockquote><iframe sandbox=\"allow-scripts\" security=\"restricted\" src=\"https:\/\/rauchfrei.at\/en\/unsere-umwelt-ein-gutes-motiv-fuer-den-rauchstopp\/embed\/#?secret=Qp7zlN6byf\" width=\"600\" height=\"338\" title=\"&#8220;Unsere Umwelt &#8211; ein gutes Motiv f\u00fcr den Rauchstopp!&#8221; &#8212; Rauchfrei Telefon\" data-secret=\"Qp7zlN6byf\" frameborder=\"0\" marginwidth=\"0\" marginheight=\"0\" scrolling=\"no\" class=\"wp-embedded-content\"><\/iframe><script type=\"text\/javascript\">\n\/* <![CDATA[ *\/\n\/*! This file is auto-generated *\/\n!function(d,l){\"use strict\";l.querySelector&&d.addEventListener&&\"undefined\"!=typeof URL&&(d.wp=d.wp||{},d.wp.receiveEmbedMessage||(d.wp.receiveEmbedMessage=function(e){var t=e.data;if((t||t.secret||t.message||t.value)&&!\/[^a-zA-Z0-9]\/.test(t.secret)){for(var s,r,n,a=l.querySelectorAll('iframe[data-secret=\"'+t.secret+'\"]'),o=l.querySelectorAll('blockquote[data-secret=\"'+t.secret+'\"]'),c=new RegExp(\"^https?:$\",\"i\"),i=0;i<o.length;i++)o[i].style.display=\"none\";for(i=0;i<a.length;i++)s=a[i],e.source===s.contentWindow&&(s.removeAttribute(\"style\"),\"height\"===t.message?(1e3<(r=parseInt(t.value,10))?r=1e3:~~r<200&&(r=200),s.height=r):\"link\"===t.message&&(r=new URL(s.getAttribute(\"src\")),n=new URL(t.value),c.test(n.protocol))&&n.host===r.host&&l.activeElement===s&&(d.top.location.href=t.value))}},d.addEventListener(\"message\",d.wp.receiveEmbedMessage,!1),l.addEventListener(\"DOMContentLoaded\",function(){for(var e,t,s=l.querySelectorAll(\"iframe.wp-embedded-content\"),r=0;r<s.length;r++)(t=(e=s[r]).getAttribute(\"data-secret\"))||(t=Math.random().toString(36).substring(2,12),e.src+=\"#?secret=\"+t,e.setAttribute(\"data-secret\",t)),e.contentWindow.postMessage({message:\"ready\",secret:t},\"*\")},!1)))}(window,document);\n\/* ]]> *\/\n<\/script>\n","description":"Am 5. Juni war Weltumwelttag. Dieser sollte heuer dazu anregen, zu \u00fcberlegen, wo Plastikm\u00fcll vermeidbar ist. Was hat Rauchen mit der Umwelt zu tun? Nicht nur Verpackungsm\u00fcll aus Zellophan, sondern auch die Filter von Zigaretten bestehen aus Kunststoff. Welche Auswirkungen hat ein weggeworfener Zigarettenstummel?"}

Andrea Büttner

Unsere Umwelt - ein gutes Motiv für den Rauchstopp! - Rauchfrei Telefon

<blockquote class="wp-embedded-content" data-secret="Qp7zlN6byf"><a href="https://rauchfrei.at/en/unsere-umwelt-ein-gutes-motiv-fuer-den-rauchstopp/">Unsere Umwelt &#8211; ein gutes Motiv für den Rauchstopp!</a></blockquote><iframe sandbox="allow-scripts" security="restricted" src="https://rauchfrei.at/en/unsere-umwelt-ein-gutes-motiv-fuer-den-rauchstopp/embed/#?secret=Qp7zlN6byf" width="600" height="338" title="&#8220;Unsere Umwelt &#8211; ein gutes Motiv für den Rauchstopp!&#8221; &#8212; Rauchfrei Telefon" data-secret="Qp7zlN6byf" frameborder="0" marginwidth="0" marginheight="0" scrolling="no" class="wp-embedded-content"></iframe><script type="text/javascript">
/* <![CDATA[ */
/*! This file is auto-generated */
!function(d,l){"use strict";l.querySelector&&d.addEventListener&&"undefined"!=typeof URL&&(d.wp=d.wp||{},d.wp.receiveEmbedMessage||(d.wp.receiveEmbedMessage=function(e){var t=e.data;if((t||t.secret||t.message||t.value)&&!/[^a-zA-Z0-9]/.test(t.secret)){for(var s,r,n,a=l.querySelectorAll('iframe[data-secret="'+t.secret+'"]'),o=l.querySelectorAll('blockquote[data-secret="'+t.secret+'"]'),c=new RegExp("^https?:$","i"),i=0;i<o.length;i++)o[i].style.display="none";for(i=0;i<a.length;i++)s=a[i],e.source===s.contentWindow&&(s.removeAttribute("style"),"height"===t.message?(1e3<(r=parseInt(t.value,10))?r=1e3:~~r<200&&(r=200),s.height=r):"link"===t.message&&(r=new URL(s.getAttribute("src")),n=new URL(t.value),c.test(n.protocol))&&n.host===r.host&&l.activeElement===s&&(d.top.location.href=t.value))}},d.addEventListener("message",d.wp.receiveEmbedMessage,!1),l.addEventListener("DOMContentLoaded",function(){for(var e,t,s=l.querySelectorAll("iframe.wp-embedded-content"),r=0;r<s.length;r++)(t=(e=s[r]).getAttribute("data-secret"))||(t=Math.random().toString(36).substring(2,12),e.src+="#?secret="+t,e.setAttribute("data-secret",t)),e.contentWindow.postMessage({message:"ready",secret:t},"*")},!1)))}(window,document);
/* ]]> */
</script>

Am 5. Juni war Weltumwelttag. Dieser sollte heuer dazu anregen, zu überlegen, wo Plastikmüll vermeidbar ist. Was hat Rauchen mit der Umwelt zu tun? Nicht nur Verpackungsmüll aus Zellophan, sondern auch die Filter von Zigaretten bestehen aus Kunststoff. Welche Auswirkungen hat ein weggeworfener Zigarettenstummel?
