
{"version":"1.0","provider_name":"Rauchfrei Telefon","provider_url":"https:\/\/rauchfrei.at\/en\/","author_name":"Andrea B\u00fcttner","author_url":"https:\/\/rauchfrei.at\/en\/author\/buettner\/","title":"Wir k\u00f6nnen. Ich kann. - Rauchfrei Telefon","type":"rich","width":600,"height":338,"html":"<blockquote class=\"wp-embedded-content\" data-secret=\"Fi96fPC1jz\"><a href=\"https:\/\/rauchfrei.at\/en\/wir-koennen-ich-kann-2\/\">Wir k\u00f6nnen. Ich kann.<\/a><\/blockquote><iframe sandbox=\"allow-scripts\" security=\"restricted\" src=\"https:\/\/rauchfrei.at\/en\/wir-koennen-ich-kann-2\/embed\/#?secret=Fi96fPC1jz\" width=\"600\" height=\"338\" title=\"&#8220;Wir k\u00f6nnen. Ich kann.&#8221; &#8212; Rauchfrei Telefon\" data-secret=\"Fi96fPC1jz\" frameborder=\"0\" marginwidth=\"0\" marginheight=\"0\" scrolling=\"no\" class=\"wp-embedded-content\"><\/iframe><script type=\"text\/javascript\">\n\/* <![CDATA[ *\/\n\/*! This file is auto-generated *\/\n!function(d,l){\"use strict\";l.querySelector&&d.addEventListener&&\"undefined\"!=typeof URL&&(d.wp=d.wp||{},d.wp.receiveEmbedMessage||(d.wp.receiveEmbedMessage=function(e){var t=e.data;if((t||t.secret||t.message||t.value)&&!\/[^a-zA-Z0-9]\/.test(t.secret)){for(var s,r,n,a=l.querySelectorAll('iframe[data-secret=\"'+t.secret+'\"]'),o=l.querySelectorAll('blockquote[data-secret=\"'+t.secret+'\"]'),c=new RegExp(\"^https?:$\",\"i\"),i=0;i<o.length;i++)o[i].style.display=\"none\";for(i=0;i<a.length;i++)s=a[i],e.source===s.contentWindow&&(s.removeAttribute(\"style\"),\"height\"===t.message?(1e3<(r=parseInt(t.value,10))?r=1e3:~~r<200&&(r=200),s.height=r):\"link\"===t.message&&(r=new URL(s.getAttribute(\"src\")),n=new URL(t.value),c.test(n.protocol))&&n.host===r.host&&l.activeElement===s&&(d.top.location.href=t.value))}},d.addEventListener(\"message\",d.wp.receiveEmbedMessage,!1),l.addEventListener(\"DOMContentLoaded\",function(){for(var e,t,s=l.querySelectorAll(\"iframe.wp-embedded-content\"),r=0;r<s.length;r++)(t=(e=s[r]).getAttribute(\"data-secret\"))||(t=Math.random().toString(36).substring(2,12),e.src+=\"#?secret=\"+t,e.setAttribute(\"data-secret\",t)),e.contentWindow.postMessage({message:\"ready\",secret:t},\"*\")},!1)))}(window,document);\n\/* ]]> *\/\n<\/script>\n","description":"Der Weltkrebstag am 4. Februar steht unter dem Motto \u201eWir k\u00f6nnen. Ich kann.\u201c. Damit soll betont werden, dass die Gesellschaft und jede Einzelne, jeder Einzelne vorsorglich etwas gegen den Krebs tun kann. K\u00f6rperliche Aktivit\u00e4t und ein gesunder Lebensstil spielen dabei eine wichtige Rolle. Ein rauchfreies Leben ist eine wichtige Vorsorgem\u00f6glichkeit."}

Andrea Büttner

Wir können. Ich kann. - Rauchfrei Telefon

<blockquote class="wp-embedded-content" data-secret="Fi96fPC1jz"><a href="https://rauchfrei.at/en/wir-koennen-ich-kann-2/">Wir können. Ich kann.</a></blockquote><iframe sandbox="allow-scripts" security="restricted" src="https://rauchfrei.at/en/wir-koennen-ich-kann-2/embed/#?secret=Fi96fPC1jz" width="600" height="338" title="&#8220;Wir können. Ich kann.&#8221; &#8212; Rauchfrei Telefon" data-secret="Fi96fPC1jz" frameborder="0" marginwidth="0" marginheight="0" scrolling="no" class="wp-embedded-content"></iframe><script type="text/javascript">
/* <![CDATA[ */
/*! This file is auto-generated */
!function(d,l){"use strict";l.querySelector&&d.addEventListener&&"undefined"!=typeof URL&&(d.wp=d.wp||{},d.wp.receiveEmbedMessage||(d.wp.receiveEmbedMessage=function(e){var t=e.data;if((t||t.secret||t.message||t.value)&&!/[^a-zA-Z0-9]/.test(t.secret)){for(var s,r,n,a=l.querySelectorAll('iframe[data-secret="'+t.secret+'"]'),o=l.querySelectorAll('blockquote[data-secret="'+t.secret+'"]'),c=new RegExp("^https?:$","i"),i=0;i<o.length;i++)o[i].style.display="none";for(i=0;i<a.length;i++)s=a[i],e.source===s.contentWindow&&(s.removeAttribute("style"),"height"===t.message?(1e3<(r=parseInt(t.value,10))?r=1e3:~~r<200&&(r=200),s.height=r):"link"===t.message&&(r=new URL(s.getAttribute("src")),n=new URL(t.value),c.test(n.protocol))&&n.host===r.host&&l.activeElement===s&&(d.top.location.href=t.value))}},d.addEventListener("message",d.wp.receiveEmbedMessage,!1),l.addEventListener("DOMContentLoaded",function(){for(var e,t,s=l.querySelectorAll("iframe.wp-embedded-content"),r=0;r<s.length;r++)(t=(e=s[r]).getAttribute("data-secret"))||(t=Math.random().toString(36).substring(2,12),e.src+="#?secret="+t,e.setAttribute("data-secret",t)),e.contentWindow.postMessage({message:"ready",secret:t},"*")},!1)))}(window,document);
/* ]]> */
</script>

Der Weltkrebstag am 4. Februar steht unter dem Motto „Wir können. Ich kann.“. Damit soll betont werden, dass die Gesellschaft und jede Einzelne, jeder Einzelne vorsorglich etwas gegen den Krebs tun kann. Körperliche Aktivität und ein gesunder Lebensstil spielen dabei eine wichtige Rolle. Ein rauchfreies Leben ist eine wichtige Vorsorgemöglichkeit.
