
{"version":"1.0","provider_name":"Rauchfrei Telefon","provider_url":"https:\/\/rauchfrei.at\/en\/","author_name":"Andrea B\u00fcttner","author_url":"https:\/\/rauchfrei.at\/en\/author\/buettner\/","title":"Zu Neujahr werde ich rauchfrei! - Rauchfrei Telefon","type":"rich","width":600,"height":338,"html":"<blockquote class=\"wp-embedded-content\" data-secret=\"3Kp36nZJYj\"><a href=\"https:\/\/rauchfrei.at\/en\/zu-neujahr-werde-ich-rauchfrei\/\">Zu Neujahr werde ich rauchfrei!<\/a><\/blockquote><iframe sandbox=\"allow-scripts\" security=\"restricted\" src=\"https:\/\/rauchfrei.at\/en\/zu-neujahr-werde-ich-rauchfrei\/embed\/#?secret=3Kp36nZJYj\" width=\"600\" height=\"338\" title=\"&#8220;Zu Neujahr werde ich rauchfrei!&#8221; &#8212; Rauchfrei Telefon\" data-secret=\"3Kp36nZJYj\" frameborder=\"0\" marginwidth=\"0\" marginheight=\"0\" scrolling=\"no\" class=\"wp-embedded-content\"><\/iframe><script type=\"text\/javascript\">\n\/* <![CDATA[ *\/\n\/*! This file is auto-generated *\/\n!function(d,l){\"use strict\";l.querySelector&&d.addEventListener&&\"undefined\"!=typeof URL&&(d.wp=d.wp||{},d.wp.receiveEmbedMessage||(d.wp.receiveEmbedMessage=function(e){var t=e.data;if((t||t.secret||t.message||t.value)&&!\/[^a-zA-Z0-9]\/.test(t.secret)){for(var s,r,n,a=l.querySelectorAll('iframe[data-secret=\"'+t.secret+'\"]'),o=l.querySelectorAll('blockquote[data-secret=\"'+t.secret+'\"]'),c=new RegExp(\"^https?:$\",\"i\"),i=0;i<o.length;i++)o[i].style.display=\"none\";for(i=0;i<a.length;i++)s=a[i],e.source===s.contentWindow&&(s.removeAttribute(\"style\"),\"height\"===t.message?(1e3<(r=parseInt(t.value,10))?r=1e3:~~r<200&&(r=200),s.height=r):\"link\"===t.message&&(r=new URL(s.getAttribute(\"src\")),n=new URL(t.value),c.test(n.protocol))&&n.host===r.host&&l.activeElement===s&&(d.top.location.href=t.value))}},d.addEventListener(\"message\",d.wp.receiveEmbedMessage,!1),l.addEventListener(\"DOMContentLoaded\",function(){for(var e,t,s=l.querySelectorAll(\"iframe.wp-embedded-content\"),r=0;r<s.length;r++)(t=(e=s[r]).getAttribute(\"data-secret\"))||(t=Math.random().toString(36).substring(2,12),e.src+=\"#?secret=\"+t,e.setAttribute(\"data-secret\",t)),e.contentWindow.postMessage({message:\"ready\",secret:t},\"*\")},!1)))}(window,document);\n\/* ]]> *\/\n<\/script>\n","thumbnail_url":"https:\/\/rauchfrei.at\/wp-content\/uploads\/shutterstock_518870092_2500px.jpg","thumbnail_width":2500,"thumbnail_height":1458,"description":"Mit dem Start ins neue Jahr m\u00f6chten viele ihren Lebensstil umstellen: ges\u00fcnder essen, mehr bewegen und nicht mehr rauchen z\u00e4hlen zu den am meist gew\u00e4hlten Vors\u00e4tzen. Reicht es mein Packerl weg zu verwerfen? Die folgenden 5 Tipps helfen Ihnen, gut vorbereitet in ein rauchfreies 2018 zu starten."}

Andrea Büttner

Mit dem Start ins neue Jahr möchten viele ihren Lebensstil umstellen: gesünder essen, mehr bewegen und nicht mehr rauchen zählen zu den am meist gewählten Vorsätzen. Reicht es mein Packerl weg zu verwerfen? Die folgenden 5 Tipps helfen Ihnen, gut vorbereitet in ein rauchfreies 2018 zu starten.
