
{"id":12067,"date":"2018-11-15T13:41:16","date_gmt":"2018-11-15T11:41:16","guid":{"rendered":"http:\/\/rauchfrei.at\/?page_id=12067"},"modified":"2025-09-24T13:13:08","modified_gmt":"2025-09-24T11:13:08","slug":"ausserschulische-jugendarbeit","status":"publish","type":"page","link":"https:\/\/rauchfrei.at\/en\/ausserschulische-jugendarbeit\/","title":{"rendered":"Ausserschulische Jugendarbeit"},"content":{"rendered":"<p>[et_pb_section fb_built=&#8221;1&#8243; custom_padding_last_edited=&#8221;off|&#8221; module_class=&#8221;header&#8221; _builder_version=&#8221;4.16&#8243; background_color=&#8221;#67BAD3&#8243; custom_margin=&#8221;||0px|&#8221; custom_padding=&#8221;100px||10px|&#8221; global_colors_info=&#8221;{}&#8221;][et_pb_row _builder_version=&#8221;4.16&#8243; custom_margin=&#8221;||0px|&#8221; custom_padding=&#8221;||0px|&#8221; global_colors_info=&#8221;{}&#8221;][et_pb_column type=&#8221;4_4&#8243; _builder_version=&#8221;4.16&#8243; custom_padding=&#8221;||0px|&#8221; global_colors_info=&#8221;{}&#8221; custom_padding__hover=&#8221;|||&#8221;][et_pb_text admin_label=&#8221;Blue Background Header&#8221; _builder_version=&#8221;4.16&#8243; custom_margin=&#8221;||0px|&#8221; custom_padding=&#8221;||0px|&#8221; global_colors_info=&#8221;{}&#8221;]<\/p>\n<h1>Au\u00dferschulische Jugendarbeit<\/h1>\n<h2>Rauchen\/Nichtrauchen au\u00dferhalb der Schule<\/h2>\n<p>[\/et_pb_text][\/et_pb_column][\/et_pb_row][\/et_pb_section][et_pb_section fb_built=&#8221;1&#8243; _builder_version=&#8221;4.16&#8243; global_colors_info=&#8221;{}&#8221;][et_pb_row column_structure=&#8221;2_3,1_3&#8243; _builder_version=&#8221;4.16&#8243; global_colors_info=&#8221;{}&#8221;][et_pb_column type=&#8221;2_3&#8243; _builder_version=&#8221;4.16&#8243; custom_padding=&#8221;|||&#8221; global_colors_info=&#8221;{}&#8221; custom_padding__hover=&#8221;|||&#8221;][et_pb_text _builder_version=&#8221;4.16&#8243; global_colors_info=&#8221;{}&#8221;]<\/p>\n<p>Auch au\u00dferhalb der Schule ist Rauchen\/Nichtrauchen ein Thema, mit dem Professionisten in der au\u00dferschulischen Jugendarbeit immer wieder konfrontiert sind. Durch die Anhebung des Alters auf 18 ab 1.1. 2019 in den meisten Bundesl\u00e4ndern stellen sich aktuell vielleicht vermehrt Fragen zum Umgang mit dem Thema Rauchen bei Kindern und Jugendlichen und auch die Notwendigkeit, das Thema mit den Jugendlichen zu bearbeiten. Das kann Vereine, Jugendzentren und Initiativen betreffen. Die meisten Projekte werden im Schulsetting angeboten, wenige Projekte sind nicht schulspezifisch:<\/p>\n<p>[\/et_pb_text][et_pb_toggle title=&#8221;Free your Mind&#8221; admin_label=&#8221;Free your mind&#8221; _builder_version=&#8221;4.16&#8243; global_colors_info=&#8221;{}&#8221;]Das FYM-Gruppenprogramm ist ein Projekt zur Entw\u00f6hnung von Nikotin f\u00fcr Jugendliche und kann sowohl im schulischen als auch im au\u00dferschulischen Kontext durchgef\u00fchrt werden. N\u00e4here Infos erhalten Sie bei der Fachstelle f\u00fcr Suchtpr\u00e4vention N\u00d6, <a href=\"http:\/\/www.drogenhilfe.at\" target=\"_blank\" rel=\"noopener noreferrer\">www.drogenhilfe.at.<\/a><br \/>\n[\/et_pb_toggle][et_pb_toggle title=&#8221;Kick ohne Tschick&#8221; admin_label=&#8221;Kick ohne Tschick&#8221; _builder_version=&#8221;4.16&#8243; global_colors_info=&#8221;{}&#8221;]Gesundheitspr\u00e4ventive Initiative im Rahmen des Vereinscoachings des O\u00d6 FUSSBALLVERBAND in Kooperation mit der O\u00d6 Gebietskrankenkasse. Ziel der Kampagne \u201eKick ohne Tschick\u201c ist es, speziell im Nachwuchsbereich das Nichtrauchen zu f\u00f6rdern und gleichzeitig die Vorbildwirkung von Trainern hervorzuheben sowie das Vereinsumfeld als Lebensmittelpunkt noch attraktiver zu gestalten. <a href=\"http:\/\/www.vereinscoaching.org\/Portal\/News\/Die-Details-zu-den-Vereinsangeboten.html\" target=\"_blank\" rel=\"noopener noreferrer\">Details zu den Vereinsangeboten.<\/a><br \/>\n[\/et_pb_toggle][et_pb_toggle title=&#8221;take control \u2013 DER WENIGER RAUCHEN KURS&#8221; admin_label=&#8221;Take Control&#8221; _builder_version=&#8221;4.16&#8243; global_colors_info=&#8221;{}&#8221;]<\/p>\n<p>Take control richtet sich an alle Jugendlichen und jungen Erwachsenen zwischen 16 und 25 Jahren, die in Zukunft weniger Rauchen oder mit dem Rauchen aufh\u00f6ren wollen. Diese Gruppe sollte aus mindestens 8 jugendlichen Interessent\/innen bestehen. N\u00e4here Infos finden Sie unter <a href=\"https:\/\/www.vivid.at\/angebot\/take-control-nikotin\/\" target=\"_blank\" rel=\"noopener noreferrer\">VIVID \u2013 Fachstelle f\u00fcr Suchtpr\u00e4vention<\/a>.<\/p>\n<p>[\/et_pb_toggle][et_pb_toggle title=&#8221;Gesunde BoXXX&#8221; admin_label=&#8221;Gesunde Boxxx&#8221; _builder_version=&#8221;4.16&#8243; global_colors_info=&#8221;{}&#8221;]<\/p>\n<p>Die Gesunde BoXXX ist ein Informations- und Methodenkoffer, der Materialien zu verschiedensten Gesundheitsthemen beinhaltet.\u00a0 Infomaterial des Rauchfrei-Telefons ist in der Box integriert. N\u00e4here Infos finden Sie unter <a href=\"https:\/\/jugend.akzente.net\/gesunde-boxxx\/\" target=\"_blank\" rel=\"noopener noreferrer\">jugendinfo.akzente.net<\/a>.<\/p>\n<p>[\/et_pb_toggle][et_pb_toggle title=&#8221;Niko-Teen&#8221; admin_label=&#8221;Niko-Teen&#8221; _builder_version=&#8221;4.16&#8243; global_colors_info=&#8221;{}&#8221;]3-Stufen Tabakpr\u00e4ventionsprogramm, um Jugendliche zu informieren, zu sensibilisieren und zu motivieren ihr eigenes Konsumverhalten zu \u00fcberdenken. N\u00e4here Infos finden Sie unter <a href=\"http:\/\/www.supro.at\/projekthintergrund\/\" target=\"_blank\" rel=\"noopener noreferrer\">SUPRO \u2013 Werkstatt f\u00fcr Suchtprophylaxe.<\/a><br \/>\n[\/et_pb_toggle][\/et_pb_column][et_pb_column type=&#8221;1_3&#8243; _builder_version=&#8221;4.16&#8243; custom_padding=&#8221;|||&#8221; global_colors_info=&#8221;{}&#8221; custom_padding__hover=&#8221;|||&#8221;][\/et_pb_column][\/et_pb_row][\/et_pb_section]<\/p>\n","protected":false},"excerpt":{"rendered":"<p>Au\u00dferschulische Jugendarbeit Rauchen\/Nichtrauchen au\u00dferhalb der SchuleAuch au\u00dferhalb der Schule ist Rauchen\/Nichtrauchen ein Thema, mit dem Professionisten in der au\u00dferschulischen Jugendarbeit immer wieder konfrontiert sind. Durch die Anhebung des Alters auf 18 ab 1.1. 2019 in den meisten Bundesl\u00e4ndern stellen sich aktuell vielleicht vermehrt Fragen zum Umgang mit dem Thema Rauchen bei Kindern und Jugendlichen und [&hellip;]<\/p>\n","protected":false},"author":14,"featured_media":0,"parent":0,"menu_order":0,"comment_status":"closed","ping_status":"closed","template":"","meta":{"_et_pb_use_builder":"on","_et_pb_old_content":"","_et_gb_content_width":"","footnotes":""},"class_list":["post-12067","page","type-page","status-publish","hentry"],"yoast_head":"<!-- This site is optimized with the Yoast SEO plugin v26.2 - https:\/\/yoast.com\/wordpress\/plugins\/seo\/ -->\n<title>Ausserschulische Jugendarbeit - Rauchfrei Telefon<\/title>\n<meta name=\"robots\" content=\"index, follow, max-snippet:-1, max-image-preview:large, max-video-preview:-1\" \/>\n<link rel=\"canonical\" href=\"https:\/\/rauchfrei.at\/ausserschulische-jugendarbeit\/\" \/>\n<meta property=\"og:locale\" content=\"en_US\" \/>\n<meta property=\"og:type\" content=\"article\" \/>\n<meta property=\"og:title\" content=\"Ausserschulische Jugendarbeit - Rauchfrei Telefon\" \/>\n<meta property=\"og:description\" content=\"Au\u00dferschulische Jugendarbeit Rauchen\/Nichtrauchen au\u00dferhalb der SchuleAuch au\u00dferhalb der Schule ist Rauchen\/Nichtrauchen ein Thema, mit dem Professionisten in der au\u00dferschulischen Jugendarbeit immer wieder konfrontiert sind. Durch die Anhebung des Alters auf 18 ab 1.1. 2019 in den meisten Bundesl\u00e4ndern stellen sich aktuell vielleicht vermehrt Fragen zum Umgang mit dem Thema Rauchen bei Kindern und Jugendlichen und [&hellip;]\" \/>\n<meta property=\"og:url\" content=\"https:\/\/rauchfrei.at\/ausserschulische-jugendarbeit\/\" \/>\n<meta property=\"og:site_name\" content=\"Rauchfrei Telefon\" \/>\n<meta property=\"article:modified_time\" content=\"2025-09-24T11:13:08+00:00\" \/>\n<meta name=\"twitter:card\" content=\"summary_large_image\" \/>\n<meta name=\"twitter:label1\" content=\"Est. reading time\" \/>\n\t<meta name=\"twitter:data1\" content=\"3 minutes\" \/>\n<script type=\"application\/ld+json\" class=\"yoast-schema-graph\">{\"@context\":\"https:\/\/schema.org\",\"@graph\":[{\"@type\":\"WebPage\",\"@id\":\"https:\/\/rauchfrei.at\/ausserschulische-jugendarbeit\/\",\"url\":\"https:\/\/rauchfrei.at\/ausserschulische-jugendarbeit\/\",\"name\":\"Ausserschulische Jugendarbeit - Rauchfrei Telefon\",\"isPartOf\":{\"@id\":\"https:\/\/rauchfrei.at\/#website\"},\"datePublished\":\"2018-11-15T11:41:16+00:00\",\"dateModified\":\"2025-09-24T11:13:08+00:00\",\"inLanguage\":\"en-US\",\"potentialAction\":[{\"@type\":\"ReadAction\",\"target\":[\"https:\/\/rauchfrei.at\/ausserschulische-jugendarbeit\/\"]}]},{\"@type\":\"WebSite\",\"@id\":\"https:\/\/rauchfrei.at\/#website\",\"url\":\"https:\/\/rauchfrei.at\/\",\"name\":\"Rauchfrei Telefon\",\"description\":\"Eine \u00f6sterreichweite Initiative der Sozialversicherungen.\",\"potentialAction\":[{\"@type\":\"SearchAction\",\"target\":{\"@type\":\"EntryPoint\",\"urlTemplate\":\"https:\/\/rauchfrei.at\/?s={search_term_string}\"},\"query-input\":{\"@type\":\"PropertyValueSpecification\",\"valueRequired\":true,\"valueName\":\"search_term_string\"}}],\"inLanguage\":\"en-US\"}]}<\/script>\n<!-- \/ Yoast SEO plugin. -->","yoast_head_json":{"title":"Ausserschulische Jugendarbeit - Rauchfrei Telefon","robots":{"index":"index","follow":"follow","max-snippet":"max-snippet:-1","max-image-preview":"max-image-preview:large","max-video-preview":"max-video-preview:-1"},"canonical":"https:\/\/rauchfrei.at\/ausserschulische-jugendarbeit\/","og_locale":"en_US","og_type":"article","og_title":"Ausserschulische Jugendarbeit - Rauchfrei Telefon","og_description":"Au\u00dferschulische Jugendarbeit Rauchen\/Nichtrauchen au\u00dferhalb der SchuleAuch au\u00dferhalb der Schule ist Rauchen\/Nichtrauchen ein Thema, mit dem Professionisten in der au\u00dferschulischen Jugendarbeit immer wieder konfrontiert sind. Durch die Anhebung des Alters auf 18 ab 1.1. 2019 in den meisten Bundesl\u00e4ndern stellen sich aktuell vielleicht vermehrt Fragen zum Umgang mit dem Thema Rauchen bei Kindern und Jugendlichen und [&hellip;]","og_url":"https:\/\/rauchfrei.at\/ausserschulische-jugendarbeit\/","og_site_name":"Rauchfrei Telefon","article_modified_time":"2025-09-24T11:13:08+00:00","twitter_card":"summary_large_image","twitter_misc":{"Est. reading time":"3 minutes"},"schema":{"@context":"https:\/\/schema.org","@graph":[{"@type":"WebPage","@id":"https:\/\/rauchfrei.at\/ausserschulische-jugendarbeit\/","url":"https:\/\/rauchfrei.at\/ausserschulische-jugendarbeit\/","name":"Ausserschulische Jugendarbeit - Rauchfrei Telefon","isPartOf":{"@id":"https:\/\/rauchfrei.at\/#website"},"datePublished":"2018-11-15T11:41:16+00:00","dateModified":"2025-09-24T11:13:08+00:00","inLanguage":"en-US","potentialAction":[{"@type":"ReadAction","target":["https:\/\/rauchfrei.at\/ausserschulische-jugendarbeit\/"]}]},{"@type":"WebSite","@id":"https:\/\/rauchfrei.at\/#website","url":"https:\/\/rauchfrei.at\/","name":"Rauchfrei Telefon","description":"Eine \u00f6sterreichweite Initiative der Sozialversicherungen.","potentialAction":[{"@type":"SearchAction","target":{"@type":"EntryPoint","urlTemplate":"https:\/\/rauchfrei.at\/?s={search_term_string}"},"query-input":{"@type":"PropertyValueSpecification","valueRequired":true,"valueName":"search_term_string"}}],"inLanguage":"en-US"}]}},"_links":{"self":[{"href":"https:\/\/rauchfrei.at\/en\/wp-json\/wp\/v2\/pages\/12067","targetHints":{"allow":["GET"]}}],"collection":[{"href":"https:\/\/rauchfrei.at\/en\/wp-json\/wp\/v2\/pages"}],"about":[{"href":"https:\/\/rauchfrei.at\/en\/wp-json\/wp\/v2\/types\/page"}],"author":[{"embeddable":true,"href":"https:\/\/rauchfrei.at\/en\/wp-json\/wp\/v2\/users\/14"}],"replies":[{"embeddable":true,"href":"https:\/\/rauchfrei.at\/en\/wp-json\/wp\/v2\/comments?post=12067"}],"version-history":[{"count":7,"href":"https:\/\/rauchfrei.at\/en\/wp-json\/wp\/v2\/pages\/12067\/revisions"}],"predecessor-version":[{"id":31175,"href":"https:\/\/rauchfrei.at\/en\/wp-json\/wp\/v2\/pages\/12067\/revisions\/31175"}],"wp:attachment":[{"href":"https:\/\/rauchfrei.at\/en\/wp-json\/wp\/v2\/media?parent=12067"}],"curies":[{"name":"wp","href":"https:\/\/api.w.org\/{rel}","templated":true}]}}

<p>[et_pb_section fb_built=&#8221;1&#8243; custom_padding_last_edited=&#8221;off|&#8221; module_class=&#8221;header&#8221; _builder_version=&#8221;4.16&#8243; background_color=&#8221;#67BAD3&#8243; custom_margin=&#8221;||0px|&#8221; custom_padding=&#8221;100px||10px|&#8221; global_colors_info=&#8221;{}&#8221;][et_pb_row _builder_version=&#8221;4.16&#8243; custom_margin=&#8221;||0px|&#8221; custom_padding=&#8221;||0px|&#8221; global_colors_info=&#8221;{}&#8221;][et_pb_column type=&#8221;4_4&#8243; _builder_version=&#8221;4.16&#8243; custom_padding=&#8221;||0px|&#8221; global_colors_info=&#8221;{}&#8221; custom_padding__hover=&#8221;|||&#8221;][et_pb_text admin_label=&#8221;Blue Background Header&#8221; _builder_version=&#8221;4.16&#8243; custom_margin=&#8221;||0px|&#8221; custom_padding=&#8221;||0px|&#8221; global_colors_info=&#8221;{}&#8221;]</p>
<h1>Außerschulische Jugendarbeit</h1>
<h2>Rauchen/Nichtrauchen außerhalb der Schule</h2>
<p>[/et_pb_text][/et_pb_column][/et_pb_row][/et_pb_section][et_pb_section fb_built=&#8221;1&#8243; _builder_version=&#8221;4.16&#8243; global_colors_info=&#8221;{}&#8221;][et_pb_row column_structure=&#8221;2_3,1_3&#8243; _builder_version=&#8221;4.16&#8243; global_colors_info=&#8221;{}&#8221;][et_pb_column type=&#8221;2_3&#8243; _builder_version=&#8221;4.16&#8243; custom_padding=&#8221;|||&#8221; global_colors_info=&#8221;{}&#8221; custom_padding__hover=&#8221;|||&#8221;][et_pb_text _builder_version=&#8221;4.16&#8243; global_colors_info=&#8221;{}&#8221;]</p>
<p>Auch außerhalb der Schule ist Rauchen/Nichtrauchen ein Thema, mit dem Professionisten in der außerschulischen Jugendarbeit immer wieder konfrontiert sind. Durch die Anhebung des Alters auf 18 ab 1.1. 2019 in den meisten Bundesländern stellen sich aktuell vielleicht vermehrt Fragen zum Umgang mit dem Thema Rauchen bei Kindern und Jugendlichen und auch die Notwendigkeit, das Thema mit den Jugendlichen zu bearbeiten. Das kann Vereine, Jugendzentren und Initiativen betreffen. Die meisten Projekte werden im Schulsetting angeboten, wenige Projekte sind nicht schulspezifisch:</p>
<p>[/et_pb_text][et_pb_toggle title=&#8221;Free your Mind&#8221; admin_label=&#8221;Free your mind&#8221; _builder_version=&#8221;4.16&#8243; global_colors_info=&#8221;{}&#8221;]Das FYM-Gruppenprogramm ist ein Projekt zur Entwöhnung von Nikotin für Jugendliche und kann sowohl im schulischen als auch im außerschulischen Kontext durchgeführt werden. Nähere Infos erhalten Sie bei der Fachstelle für Suchtprävention NÖ, <a href="http://www.drogenhilfe.at" target="_blank" rel="noopener noreferrer">www.drogenhilfe.at.</a><br />
[/et_pb_toggle][et_pb_toggle title=&#8221;Kick ohne Tschick&#8221; admin_label=&#8221;Kick ohne Tschick&#8221; _builder_version=&#8221;4.16&#8243; global_colors_info=&#8221;{}&#8221;]Gesundheitspräventive Initiative im Rahmen des Vereinscoachings des OÖ FUSSBALLVERBAND in Kooperation mit der OÖ Gebietskrankenkasse. Ziel der Kampagne „Kick ohne Tschick“ ist es, speziell im Nachwuchsbereich das Nichtrauchen zu fördern und gleichzeitig die Vorbildwirkung von Trainern hervorzuheben sowie das Vereinsumfeld als Lebensmittelpunkt noch attraktiver zu gestalten. <a href="http://www.vereinscoaching.org/Portal/News/Die-Details-zu-den-Vereinsangeboten.html" target="_blank" rel="noopener noreferrer">Details zu den Vereinsangeboten.</a><br />
[/et_pb_toggle][et_pb_toggle title=&#8221;take control – DER WENIGER RAUCHEN KURS&#8221; admin_label=&#8221;Take Control&#8221; _builder_version=&#8221;4.16&#8243; global_colors_info=&#8221;{}&#8221;]</p>
<p>Take control richtet sich an alle Jugendlichen und jungen Erwachsenen zwischen 16 und 25 Jahren, die in Zukunft weniger Rauchen oder mit dem Rauchen aufhören wollen. Diese Gruppe sollte aus mindestens 8 jugendlichen Interessent/innen bestehen. Nähere Infos finden Sie unter <a href="https://www.vivid.at/angebot/take-control-nikotin/" target="_blank" rel="noopener noreferrer">VIVID – Fachstelle für Suchtprävention</a>.</p>
<p>[/et_pb_toggle][et_pb_toggle title=&#8221;Gesunde BoXXX&#8221; admin_label=&#8221;Gesunde Boxxx&#8221; _builder_version=&#8221;4.16&#8243; global_colors_info=&#8221;{}&#8221;]</p>
<p>Die Gesunde BoXXX ist ein Informations- und Methodenkoffer, der Materialien zu verschiedensten Gesundheitsthemen beinhaltet.  Infomaterial des Rauchfrei-Telefons ist in der Box integriert. Nähere Infos finden Sie unter <a href="https://jugend.akzente.net/gesunde-boxxx/" target="_blank" rel="noopener noreferrer">jugendinfo.akzente.net</a>.</p>
<p>[/et_pb_toggle][et_pb_toggle title=&#8221;Niko-Teen&#8221; admin_label=&#8221;Niko-Teen&#8221; _builder_version=&#8221;4.16&#8243; global_colors_info=&#8221;{}&#8221;]3-Stufen Tabakpräventionsprogramm, um Jugendliche zu informieren, zu sensibilisieren und zu motivieren ihr eigenes Konsumverhalten zu überdenken. Nähere Infos finden Sie unter <a href="http://www.supro.at/projekthintergrund/" target="_blank" rel="noopener noreferrer">SUPRO – Werkstatt für Suchtprophylaxe.</a><br />
[/et_pb_toggle][/et_pb_column][et_pb_column type=&#8221;1_3&#8243; _builder_version=&#8221;4.16&#8243; custom_padding=&#8221;|||&#8221; global_colors_info=&#8221;{}&#8221; custom_padding__hover=&#8221;|||&#8221;][/et_pb_column][/et_pb_row][/et_pb_section]</p>

<p>Außerschulische Jugendarbeit Rauchen/Nichtrauchen außerhalb der SchuleAuch außerhalb der Schule ist Rauchen/Nichtrauchen ein Thema, mit dem Professionisten in der außerschulischen Jugendarbeit immer wieder konfrontiert sind. Durch die Anhebung des Alters auf 18 ab 1.1. 2019 in den meisten Bundesländern stellen sich aktuell vielleicht vermehrt Fragen zum Umgang mit dem Thema Rauchen bei Kindern und Jugendlichen und [&hellip;]</p>

<!-- This site is optimized with the Yoast SEO plugin v26.2 - https://yoast.com/wordpress/plugins/seo/ -->
<title>Ausserschulische Jugendarbeit - Rauchfrei Telefon</title>
<meta name="robots" content="index, follow, max-snippet:-1, max-image-preview:large, max-video-preview:-1" />
<link rel="canonical" href="https://rauchfrei.at/ausserschulische-jugendarbeit/" />
<meta property="og:locale" content="en_US" />
<meta property="og:type" content="article" />
<meta property="og:title" content="Ausserschulische Jugendarbeit - Rauchfrei Telefon" />
<meta property="og:description" content="Außerschulische Jugendarbeit Rauchen/Nichtrauchen außerhalb der SchuleAuch außerhalb der Schule ist Rauchen/Nichtrauchen ein Thema, mit dem Professionisten in der außerschulischen Jugendarbeit immer wieder konfrontiert sind. Durch die Anhebung des Alters auf 18 ab 1.1. 2019 in den meisten Bundesländern stellen sich aktuell vielleicht vermehrt Fragen zum Umgang mit dem Thema Rauchen bei Kindern und Jugendlichen und [&hellip;]" />
<meta property="og:url" content="https://rauchfrei.at/ausserschulische-jugendarbeit/" />
<meta property="og:site_name" content="Rauchfrei Telefon" />
<meta property="article:modified_time" content="2025-09-24T11:13:08+00:00" />
<meta name="twitter:card" content="summary_large_image" />
<meta name="twitter:label1" content="Est. reading time" />
	<meta name="twitter:data1" content="3 minutes" />
<script type="application/ld+json" class="yoast-schema-graph">{"@context":"https://schema.org","@graph":[{"@type":"WebPage","@id":"https://rauchfrei.at/ausserschulische-jugendarbeit/","url":"https://rauchfrei.at/ausserschulische-jugendarbeit/","name":"Ausserschulische Jugendarbeit - Rauchfrei Telefon","isPartOf":{"@id":"https://rauchfrei.at/#website"},"datePublished":"2018-11-15T11:41:16+00:00","dateModified":"2025-09-24T11:13:08+00:00","inLanguage":"en-US","potentialAction":[{"@type":"ReadAction","target":["https://rauchfrei.at/ausserschulische-jugendarbeit/"]}]},{"@type":"WebSite","@id":"https://rauchfrei.at/#website","url":"https://rauchfrei.at/","name":"Rauchfrei Telefon","description":"Eine österreichweite Initiative der Sozialversicherungen.","potentialAction":[{"@type":"SearchAction","target":{"@type":"EntryPoint","urlTemplate":"https://rauchfrei.at/?s={search_term_string}"},"query-input":{"@type":"PropertyValueSpecification","valueRequired":true,"valueName":"search_term_string"}}],"inLanguage":"en-US"}]}</script>
<!-- / Yoast SEO plugin. -->

Außerschulische Jugendarbeit Rauchen/Nichtrauchen außerhalb der SchuleAuch außerhalb der Schule ist Rauchen/Nichtrauchen ein Thema, mit dem Professionisten in der außerschulischen Jugendarbeit immer wieder konfrontiert sind. Durch die Anhebung des Alters auf 18 ab 1.1. 2019 in den meisten Bundesländern stellen sich aktuell vielleicht vermehrt Fragen zum Umgang mit dem Thema Rauchen bei Kindern und Jugendlichen und [&hellip;]

Eine österreichweite Initiative der Sozialversicherungen.
