
{"id":151,"date":"2012-02-28T12:02:16","date_gmt":"2012-02-28T12:02:16","guid":{"rendered":"http:\/\/web362.itscserver.org\/wordpress\/?page_id=151"},"modified":"2020-06-24T09:10:11","modified_gmt":"2020-06-24T07:10:11","slug":"rauchen-in-wohnhaeusern","status":"publish","type":"page","link":"https:\/\/rauchfrei.at\/en\/fakten\/gesetzliches\/rauchen-in-wohnhaeusern\/","title":{"rendered":"Rauchen in Wohnh\u00e4usern"},"content":{"rendered":"<p>[et_pb_section fb_built=&#8221;1&#8243; custom_padding_last_edited=&#8221;off|&#8221; module_class=&#8221;header&#8221; _builder_version=&#8221;3.22&#8243; background_color=&#8221;#67BAD3&#8243; custom_margin=&#8221;||0px|&#8221; custom_padding=&#8221;100px||10px|&#8221;][et_pb_row _builder_version=&#8221;3.25&#8243; custom_margin=&#8221;||0px|&#8221; custom_padding=&#8221;||0px|&#8221;][et_pb_column type=&#8221;4_4&#8243; _builder_version=&#8221;3.25&#8243; custom_padding=&#8221;||0px|&#8221; custom_padding__hover=&#8221;|||&#8221;][et_pb_text admin_label=&#8221;Blue Background Header&#8221; _builder_version=&#8221;3.27.4&#8243; custom_margin=&#8221;||0px|&#8221; custom_padding=&#8221;||0px|&#8221;]<\/p>\n<h1>Rauchen in Wohnh\u00e4usern<\/h1>\n<p>[\/et_pb_text][\/et_pb_column][\/et_pb_row][\/et_pb_section][et_pb_section fb_built=&#8221;1&#8243; _builder_version=&#8221;3.22&#8243;][et_pb_row column_structure=&#8221;2_3,1_3&#8243; _builder_version=&#8221;3.25&#8243; background_size=&#8221;initial&#8221; background_position=&#8221;top_left&#8221; background_repeat=&#8221;repeat&#8221;][et_pb_column type=&#8221;2_3&#8243; _builder_version=&#8221;3.25&#8243; custom_padding=&#8221;|||&#8221; custom_padding__hover=&#8221;|||&#8221;][et_pb_text _builder_version=&#8221;4.4.3&#8243; hover_enabled=&#8221;0&#8243;]<\/p>\n<p>Derzeit gibt es keine allgemeine gesetzliche Regelung, was das Rauchen in Wohnh\u00e4usern betrifft. H\u00e4ufig finden sich in der Hausordnung des Wohnhauses Regelungen dazu. Wenn Sie Passivrauchbelastung durch Ihren Wohnungsnachbarin oder Nachbarn ausgesetzt sind, k\u00f6nnen Sie sich hier Ausk\u00fcnfte einholen:<\/p>\n<ul>\n<li><a href=\"https:\/\/mietervereinigung.at\/default.aspx\">Mietervereinigung <\/a>des Bundeslandes<\/li>\n<li>jeweiliges Gemeinde- bzw. Stadtamt<\/li>\n<li><a href=\"mailto:ombudsstelle.nrs@sozialministerium.at\" target=\"_blank\" rel=\"noopener noreferrer\">Ombudsstelle f\u00fcr Nichtraucher\/innenschutz<\/a><\/li>\n<\/ul>\n<p>Weiters gibt es einige Ma\u00dfnahmen, die Sie treffen k\u00f6nnen, um die Passivrauchbelastung zu reduzieren:<\/p>\n<ul>\n<li><strong>Technische Ma\u00dfnahmen<\/strong><br \/>Abdichtung der Steckdosen mit Acryldichtungsmasse oder Silikon, Abluftklappe im Abluftkamin, Dichtb\u00e4nder f\u00fcr T\u00fcrrahmen, T\u00fcrschloss-Verkleidungen, Trennw\u00e4nde auf der Terrasse etc.<\/li>\n<li><strong>Organisatorische Regelungen<\/strong><br \/>Vereinbarung von L\u00fcftungs- und Nutzungszeiten auf Basis gegenseitiger R\u00fccksichtnahme und Kompromissbereitschaft, eventuell unter Einschaltung des Vermieters\/der Vermieterin oder Hausverwaltung<\/li>\n<\/ul>\n<p>[\/et_pb_text][\/et_pb_column][et_pb_column type=&#8221;1_3&#8243; _builder_version=&#8221;3.25&#8243; custom_padding=&#8221;|||&#8221; custom_padding__hover=&#8221;|||&#8221;][et_pb_dp_dmb_module_10093 farbe=&#8221;blitzblau&#8221; headline=&#8221;Passivrauch&#8221; image=&#8221;https:\/\/rauchfrei.at\/wp-content\/uploads\/passivrauch-rauchfrei-fuer-alle.png&#8221; image_position=&#8221;center&#8221; link_text=&#8221;mehr&#8221; link_url=&#8221;https:\/\/rauchfrei.at\/fakten\/passivrauch\/&#8221; image_size=&#8221;70&#8243; admin_label=&#8221;Passivrauch&#8221; _builder_version=&#8221;3.19.15&#8243; global_module=&#8221;13172&#8243; saved_tabs=&#8221;all&#8221;]<\/p>\n<p>Rauch ist giftig, niemand sollte ihn einatmen!<\/p>\n<p>[\/et_pb_dp_dmb_module_10093][\/et_pb_column][\/et_pb_row][\/et_pb_section]<\/p>\n","protected":false},"excerpt":{"rendered":"<p>Rauchen in Wohnh\u00e4usern Derzeit gibt es keine allgemeine gesetzliche Regelung, was das Rauchen in Wohnh\u00e4usern betrifft. H\u00e4ufig finden sich in der Hausordnung des Wohnhauses Regelungen dazu. Wenn Sie Passivrauchbelastung durch Ihren Wohnungsnachbarin oder Nachbarn ausgesetzt sind, k\u00f6nnen Sie sich hier Ausk\u00fcnfte einholen: Mietervereinigung des Bundeslandes jeweiliges Gemeinde- bzw. Stadtamt Ombudsstelle f\u00fcr Nichtraucher\/innenschutz Weiters gibt es [&hellip;]<\/p>\n","protected":false},"author":2,"featured_media":0,"parent":140,"menu_order":0,"comment_status":"closed","ping_status":"open","template":"","meta":{"_et_pb_use_builder":"on","_et_pb_old_content":"<p>Derzeit gibt es keine allgemeine gesetzliche Regelung, was das Rauchen in Wohnh\u00e4usern betrifft. H\u00e4ufig finden sich in der Hausordnung des Wohnhauses Regelungen dazu. Wenn Sie Passivrauchbelastung durch Ihren Wohnungsnachbarin oder Nachbarn ausgesetzt sind, k\u00f6nnen Sie sich hier Ausk\u00fcnfte einholen:<\/p><ul><li><a href=\"https:\/\/mietervereinigung.at\/default.aspx\">Mietervereinigung <\/a>des Bundeslandes<\/li><li>jeweiliges Gemeinde- bzw. Stadtamt<\/li><li>Ombudsstelle f\u00fcr Nichtraucher\/innenschutz<\/li><\/ul><p>Weiters gibt es einige Ma\u00dfnahmen, die Sie treffen k\u00f6nnen, um die Passivrauchbelastung zu reduzieren:<\/p><ul><li><strong>Technische Ma\u00dfnahmen<\/strong><br \/>Abdichtung der Steckdosen mit Acryldichtungsmasse oder Silikon, Abluftklappe im Abluftkamin, Dichtb\u00e4nder f\u00fcr T\u00fcrrahmen, T\u00fcrschloss-Verkleidungen, Trennw\u00e4nde auf der Terrasse etc.<\/li><li><strong>Organisatorische Regelungen<\/strong><br \/>Vereinbarung von L\u00fcftungs- und Nutzungszeiten auf Basis gegenseitiger R\u00fccksichtnahme und Kompromissbereitschaft, eventuell unter Einschaltung des Vermieters\/der Vermieterin oder Hausverwaltung<\/li><\/ul>","_et_gb_content_width":"","footnotes":""},"class_list":["post-151","page","type-page","status-publish","hentry"],"yoast_head":"<!-- This site is optimized with the Yoast SEO plugin v26.2 - https:\/\/yoast.com\/wordpress\/plugins\/seo\/ -->\n<title>Rauchen in Wohnh\u00e4usern - Rauchfrei Telefon<\/title>\n<meta name=\"robots\" content=\"index, follow, max-snippet:-1, max-image-preview:large, max-video-preview:-1\" \/>\n<link rel=\"canonical\" href=\"https:\/\/rauchfrei.at\/fakten\/gesetzliches\/rauchen-in-wohnhaeusern\/\" \/>\n<meta property=\"og:locale\" content=\"en_US\" \/>\n<meta property=\"og:type\" content=\"article\" \/>\n<meta property=\"og:title\" content=\"Rauchen in Wohnh\u00e4usern - Rauchfrei Telefon\" \/>\n<meta property=\"og:description\" content=\"Rauchen in Wohnh\u00e4usern Derzeit gibt es keine allgemeine gesetzliche Regelung, was das Rauchen in Wohnh\u00e4usern betrifft. H\u00e4ufig finden sich in der Hausordnung des Wohnhauses Regelungen dazu. Wenn Sie Passivrauchbelastung durch Ihren Wohnungsnachbarin oder Nachbarn ausgesetzt sind, k\u00f6nnen Sie sich hier Ausk\u00fcnfte einholen: Mietervereinigung des Bundeslandes jeweiliges Gemeinde- bzw. Stadtamt Ombudsstelle f\u00fcr Nichtraucher\/innenschutz Weiters gibt es [&hellip;]\" \/>\n<meta property=\"og:url\" content=\"https:\/\/rauchfrei.at\/fakten\/gesetzliches\/rauchen-in-wohnhaeusern\/\" \/>\n<meta property=\"og:site_name\" content=\"Rauchfrei Telefon\" \/>\n<meta property=\"article:modified_time\" content=\"2020-06-24T07:10:11+00:00\" \/>\n<meta name=\"twitter:card\" content=\"summary_large_image\" \/>\n<meta name=\"twitter:label1\" content=\"Est. reading time\" \/>\n\t<meta name=\"twitter:data1\" content=\"2 minutes\" \/>\n<script type=\"application\/ld+json\" class=\"yoast-schema-graph\">{\"@context\":\"https:\/\/schema.org\",\"@graph\":[{\"@type\":\"WebPage\",\"@id\":\"https:\/\/rauchfrei.at\/fakten\/gesetzliches\/rauchen-in-wohnhaeusern\/\",\"url\":\"https:\/\/rauchfrei.at\/fakten\/gesetzliches\/rauchen-in-wohnhaeusern\/\",\"name\":\"Rauchen in Wohnh\u00e4usern - Rauchfrei Telefon\",\"isPartOf\":{\"@id\":\"https:\/\/rauchfrei.at\/#website\"},\"datePublished\":\"2012-02-28T12:02:16+00:00\",\"dateModified\":\"2020-06-24T07:10:11+00:00\",\"breadcrumb\":{\"@id\":\"https:\/\/rauchfrei.at\/fakten\/gesetzliches\/rauchen-in-wohnhaeusern\/#breadcrumb\"},\"inLanguage\":\"en-US\",\"potentialAction\":[{\"@type\":\"ReadAction\",\"target\":[\"https:\/\/rauchfrei.at\/fakten\/gesetzliches\/rauchen-in-wohnhaeusern\/\"]}]},{\"@type\":\"BreadcrumbList\",\"@id\":\"https:\/\/rauchfrei.at\/fakten\/gesetzliches\/rauchen-in-wohnhaeusern\/#breadcrumb\",\"itemListElement\":[{\"@type\":\"ListItem\",\"position\":1,\"name\":\"Fakten\",\"item\":\"https:\/\/rauchfrei.at\/fakten\/\"},{\"@type\":\"ListItem\",\"position\":2,\"name\":\"Gesetzliche Regelungen\",\"item\":\"https:\/\/rauchfrei.at\/fakten\/gesetzliches\/\"},{\"@type\":\"ListItem\",\"position\":3,\"name\":\"Rauchen in Wohnh\u00e4usern\"}]},{\"@type\":\"WebSite\",\"@id\":\"https:\/\/rauchfrei.at\/#website\",\"url\":\"https:\/\/rauchfrei.at\/\",\"name\":\"Rauchfrei Telefon\",\"description\":\"Eine \u00f6sterreichweite Initiative der Sozialversicherungen.\",\"potentialAction\":[{\"@type\":\"SearchAction\",\"target\":{\"@type\":\"EntryPoint\",\"urlTemplate\":\"https:\/\/rauchfrei.at\/?s={search_term_string}\"},\"query-input\":{\"@type\":\"PropertyValueSpecification\",\"valueRequired\":true,\"valueName\":\"search_term_string\"}}],\"inLanguage\":\"en-US\"}]}<\/script>\n<!-- \/ Yoast SEO plugin. -->","yoast_head_json":{"title":"Rauchen in Wohnh\u00e4usern - Rauchfrei Telefon","robots":{"index":"index","follow":"follow","max-snippet":"max-snippet:-1","max-image-preview":"max-image-preview:large","max-video-preview":"max-video-preview:-1"},"canonical":"https:\/\/rauchfrei.at\/fakten\/gesetzliches\/rauchen-in-wohnhaeusern\/","og_locale":"en_US","og_type":"article","og_title":"Rauchen in Wohnh\u00e4usern - Rauchfrei Telefon","og_description":"Rauchen in Wohnh\u00e4usern Derzeit gibt es keine allgemeine gesetzliche Regelung, was das Rauchen in Wohnh\u00e4usern betrifft. H\u00e4ufig finden sich in der Hausordnung des Wohnhauses Regelungen dazu. Wenn Sie Passivrauchbelastung durch Ihren Wohnungsnachbarin oder Nachbarn ausgesetzt sind, k\u00f6nnen Sie sich hier Ausk\u00fcnfte einholen: Mietervereinigung des Bundeslandes jeweiliges Gemeinde- bzw. Stadtamt Ombudsstelle f\u00fcr Nichtraucher\/innenschutz Weiters gibt es [&hellip;]","og_url":"https:\/\/rauchfrei.at\/fakten\/gesetzliches\/rauchen-in-wohnhaeusern\/","og_site_name":"Rauchfrei Telefon","article_modified_time":"2020-06-24T07:10:11+00:00","twitter_card":"summary_large_image","twitter_misc":{"Est. reading time":"2 minutes"},"schema":{"@context":"https:\/\/schema.org","@graph":[{"@type":"WebPage","@id":"https:\/\/rauchfrei.at\/fakten\/gesetzliches\/rauchen-in-wohnhaeusern\/","url":"https:\/\/rauchfrei.at\/fakten\/gesetzliches\/rauchen-in-wohnhaeusern\/","name":"Rauchen in Wohnh\u00e4usern - Rauchfrei Telefon","isPartOf":{"@id":"https:\/\/rauchfrei.at\/#website"},"datePublished":"2012-02-28T12:02:16+00:00","dateModified":"2020-06-24T07:10:11+00:00","breadcrumb":{"@id":"https:\/\/rauchfrei.at\/fakten\/gesetzliches\/rauchen-in-wohnhaeusern\/#breadcrumb"},"inLanguage":"en-US","potentialAction":[{"@type":"ReadAction","target":["https:\/\/rauchfrei.at\/fakten\/gesetzliches\/rauchen-in-wohnhaeusern\/"]}]},{"@type":"BreadcrumbList","@id":"https:\/\/rauchfrei.at\/fakten\/gesetzliches\/rauchen-in-wohnhaeusern\/#breadcrumb","itemListElement":[{"@type":"ListItem","position":1,"name":"Fakten","item":"https:\/\/rauchfrei.at\/fakten\/"},{"@type":"ListItem","position":2,"name":"Gesetzliche Regelungen","item":"https:\/\/rauchfrei.at\/fakten\/gesetzliches\/"},{"@type":"ListItem","position":3,"name":"Rauchen in Wohnh\u00e4usern"}]},{"@type":"WebSite","@id":"https:\/\/rauchfrei.at\/#website","url":"https:\/\/rauchfrei.at\/","name":"Rauchfrei Telefon","description":"Eine \u00f6sterreichweite Initiative der Sozialversicherungen.","potentialAction":[{"@type":"SearchAction","target":{"@type":"EntryPoint","urlTemplate":"https:\/\/rauchfrei.at\/?s={search_term_string}"},"query-input":{"@type":"PropertyValueSpecification","valueRequired":true,"valueName":"search_term_string"}}],"inLanguage":"en-US"}]}},"_links":{"self":[{"href":"https:\/\/rauchfrei.at\/en\/wp-json\/wp\/v2\/pages\/151","targetHints":{"allow":["GET"]}}],"collection":[{"href":"https:\/\/rauchfrei.at\/en\/wp-json\/wp\/v2\/pages"}],"about":[{"href":"https:\/\/rauchfrei.at\/en\/wp-json\/wp\/v2\/types\/page"}],"author":[{"embeddable":true,"href":"https:\/\/rauchfrei.at\/en\/wp-json\/wp\/v2\/users\/2"}],"replies":[{"embeddable":true,"href":"https:\/\/rauchfrei.at\/en\/wp-json\/wp\/v2\/comments?post=151"}],"version-history":[{"count":5,"href":"https:\/\/rauchfrei.at\/en\/wp-json\/wp\/v2\/pages\/151\/revisions"}],"predecessor-version":[{"id":19084,"href":"https:\/\/rauchfrei.at\/en\/wp-json\/wp\/v2\/pages\/151\/revisions\/19084"}],"up":[{"embeddable":true,"href":"https:\/\/rauchfrei.at\/en\/wp-json\/wp\/v2\/pages\/140"}],"wp:attachment":[{"href":"https:\/\/rauchfrei.at\/en\/wp-json\/wp\/v2\/media?parent=151"}],"curies":[{"name":"wp","href":"https:\/\/api.w.org\/{rel}","templated":true}]}}

Rauchen in Wohnhäusern

<p>[et_pb_section fb_built=&#8221;1&#8243; custom_padding_last_edited=&#8221;off|&#8221; module_class=&#8221;header&#8221; _builder_version=&#8221;3.22&#8243; background_color=&#8221;#67BAD3&#8243; custom_margin=&#8221;||0px|&#8221; custom_padding=&#8221;100px||10px|&#8221;][et_pb_row _builder_version=&#8221;3.25&#8243; custom_margin=&#8221;||0px|&#8221; custom_padding=&#8221;||0px|&#8221;][et_pb_column type=&#8221;4_4&#8243; _builder_version=&#8221;3.25&#8243; custom_padding=&#8221;||0px|&#8221; custom_padding__hover=&#8221;|||&#8221;][et_pb_text admin_label=&#8221;Blue Background Header&#8221; _builder_version=&#8221;3.27.4&#8243; custom_margin=&#8221;||0px|&#8221; custom_padding=&#8221;||0px|&#8221;]</p>
<h1>Rauchen in Wohnhäusern</h1>
<p>[/et_pb_text][/et_pb_column][/et_pb_row][/et_pb_section][et_pb_section fb_built=&#8221;1&#8243; _builder_version=&#8221;3.22&#8243;][et_pb_row column_structure=&#8221;2_3,1_3&#8243; _builder_version=&#8221;3.25&#8243; background_size=&#8221;initial&#8221; background_position=&#8221;top_left&#8221; background_repeat=&#8221;repeat&#8221;][et_pb_column type=&#8221;2_3&#8243; _builder_version=&#8221;3.25&#8243; custom_padding=&#8221;|||&#8221; custom_padding__hover=&#8221;|||&#8221;][et_pb_text _builder_version=&#8221;4.4.3&#8243; hover_enabled=&#8221;0&#8243;]</p>
<p>Derzeit gibt es keine allgemeine gesetzliche Regelung, was das Rauchen in Wohnhäusern betrifft. Häufig finden sich in der Hausordnung des Wohnhauses Regelungen dazu. Wenn Sie Passivrauchbelastung durch Ihren Wohnungsnachbarin oder Nachbarn ausgesetzt sind, können Sie sich hier Auskünfte einholen:</p>
<ul>
<li><a href="https://mietervereinigung.at/default.aspx">Mietervereinigung </a>des Bundeslandes</li>
<li>jeweiliges Gemeinde- bzw. Stadtamt</li>
<li><a href="mailto:ombudsstelle.nrs@sozialministerium.at" target="_blank" rel="noopener noreferrer">Ombudsstelle für Nichtraucher/innenschutz</a></li>
</ul>
<p>Weiters gibt es einige Maßnahmen, die Sie treffen können, um die Passivrauchbelastung zu reduzieren:</p>
<ul>
<li><strong>Technische Maßnahmen</strong><br />Abdichtung der Steckdosen mit Acryldichtungsmasse oder Silikon, Abluftklappe im Abluftkamin, Dichtbänder für Türrahmen, Türschloss-Verkleidungen, Trennwände auf der Terrasse etc.</li>
<li><strong>Organisatorische Regelungen</strong><br />Vereinbarung von Lüftungs- und Nutzungszeiten auf Basis gegenseitiger Rücksichtnahme und Kompromissbereitschaft, eventuell unter Einschaltung des Vermieters/der Vermieterin oder Hausverwaltung</li>
</ul>
<p>[/et_pb_text][/et_pb_column][et_pb_column type=&#8221;1_3&#8243; _builder_version=&#8221;3.25&#8243; custom_padding=&#8221;|||&#8221; custom_padding__hover=&#8221;|||&#8221;][et_pb_dp_dmb_module_10093 farbe=&#8221;blitzblau&#8221; headline=&#8221;Passivrauch&#8221; image=&#8221;https://rauchfrei.at/wp-content/uploads/passivrauch-rauchfrei-fuer-alle.png&#8221; image_position=&#8221;center&#8221; link_text=&#8221;mehr&#8221; link_url=&#8221;https://rauchfrei.at/fakten/passivrauch/&#8221; image_size=&#8221;70&#8243; admin_label=&#8221;Passivrauch&#8221; _builder_version=&#8221;3.19.15&#8243; global_module=&#8221;13172&#8243; saved_tabs=&#8221;all&#8221;]</p>
<p>Rauch ist giftig, niemand sollte ihn einatmen!</p>
<p>[/et_pb_dp_dmb_module_10093][/et_pb_column][/et_pb_row][/et_pb_section]</p>

<p>Rauchen in Wohnhäusern Derzeit gibt es keine allgemeine gesetzliche Regelung, was das Rauchen in Wohnhäusern betrifft. Häufig finden sich in der Hausordnung des Wohnhauses Regelungen dazu. Wenn Sie Passivrauchbelastung durch Ihren Wohnungsnachbarin oder Nachbarn ausgesetzt sind, können Sie sich hier Auskünfte einholen: Mietervereinigung des Bundeslandes jeweiliges Gemeinde- bzw. Stadtamt Ombudsstelle für Nichtraucher/innenschutz Weiters gibt es [&hellip;]</p>

<p>Derzeit gibt es keine allgemeine gesetzliche Regelung, was das Rauchen in Wohnhäusern betrifft. Häufig finden sich in der Hausordnung des Wohnhauses Regelungen dazu. Wenn Sie Passivrauchbelastung durch Ihren Wohnungsnachbarin oder Nachbarn ausgesetzt sind, können Sie sich hier Auskünfte einholen:</p><ul><li><a href="https://mietervereinigung.at/default.aspx">Mietervereinigung </a>des Bundeslandes</li><li>jeweiliges Gemeinde- bzw. Stadtamt</li><li>Ombudsstelle für Nichtraucher/innenschutz</li></ul><p>Weiters gibt es einige Maßnahmen, die Sie treffen können, um die Passivrauchbelastung zu reduzieren:</p><ul><li><strong>Technische Maßnahmen</strong><br />Abdichtung der Steckdosen mit Acryldichtungsmasse oder Silikon, Abluftklappe im Abluftkamin, Dichtbänder für Türrahmen, Türschloss-Verkleidungen, Trennwände auf der Terrasse etc.</li><li><strong>Organisatorische Regelungen</strong><br />Vereinbarung von Lüftungs- und Nutzungszeiten auf Basis gegenseitiger Rücksichtnahme und Kompromissbereitschaft, eventuell unter Einschaltung des Vermieters/der Vermieterin oder Hausverwaltung</li></ul>

<!-- This site is optimized with the Yoast SEO plugin v26.2 - https://yoast.com/wordpress/plugins/seo/ -->
<title>Rauchen in Wohnhäusern - Rauchfrei Telefon</title>
<meta name="robots" content="index, follow, max-snippet:-1, max-image-preview:large, max-video-preview:-1" />
<link rel="canonical" href="https://rauchfrei.at/fakten/gesetzliches/rauchen-in-wohnhaeusern/" />
<meta property="og:locale" content="en_US" />
<meta property="og:type" content="article" />
<meta property="og:title" content="Rauchen in Wohnhäusern - Rauchfrei Telefon" />
<meta property="og:description" content="Rauchen in Wohnhäusern Derzeit gibt es keine allgemeine gesetzliche Regelung, was das Rauchen in Wohnhäusern betrifft. Häufig finden sich in der Hausordnung des Wohnhauses Regelungen dazu. Wenn Sie Passivrauchbelastung durch Ihren Wohnungsnachbarin oder Nachbarn ausgesetzt sind, können Sie sich hier Auskünfte einholen: Mietervereinigung des Bundeslandes jeweiliges Gemeinde- bzw. Stadtamt Ombudsstelle für Nichtraucher/innenschutz Weiters gibt es [&hellip;]" />
<meta property="og:url" content="https://rauchfrei.at/fakten/gesetzliches/rauchen-in-wohnhaeusern/" />
<meta property="og:site_name" content="Rauchfrei Telefon" />
<meta property="article:modified_time" content="2020-06-24T07:10:11+00:00" />
<meta name="twitter:card" content="summary_large_image" />
<meta name="twitter:label1" content="Est. reading time" />
	<meta name="twitter:data1" content="2 minutes" />
<script type="application/ld+json" class="yoast-schema-graph">{"@context":"https://schema.org","@graph":[{"@type":"WebPage","@id":"https://rauchfrei.at/fakten/gesetzliches/rauchen-in-wohnhaeusern/","url":"https://rauchfrei.at/fakten/gesetzliches/rauchen-in-wohnhaeusern/","name":"Rauchen in Wohnhäusern - Rauchfrei Telefon","isPartOf":{"@id":"https://rauchfrei.at/#website"},"datePublished":"2012-02-28T12:02:16+00:00","dateModified":"2020-06-24T07:10:11+00:00","breadcrumb":{"@id":"https://rauchfrei.at/fakten/gesetzliches/rauchen-in-wohnhaeusern/#breadcrumb"},"inLanguage":"en-US","potentialAction":[{"@type":"ReadAction","target":["https://rauchfrei.at/fakten/gesetzliches/rauchen-in-wohnhaeusern/"]}]},{"@type":"BreadcrumbList","@id":"https://rauchfrei.at/fakten/gesetzliches/rauchen-in-wohnhaeusern/#breadcrumb","itemListElement":[{"@type":"ListItem","position":1,"name":"Fakten","item":"https://rauchfrei.at/fakten/"},{"@type":"ListItem","position":2,"name":"Gesetzliche Regelungen","item":"https://rauchfrei.at/fakten/gesetzliches/"},{"@type":"ListItem","position":3,"name":"Rauchen in Wohnhäusern"}]},{"@type":"WebSite","@id":"https://rauchfrei.at/#website","url":"https://rauchfrei.at/","name":"Rauchfrei Telefon","description":"Eine österreichweite Initiative der Sozialversicherungen.","potentialAction":[{"@type":"SearchAction","target":{"@type":"EntryPoint","urlTemplate":"https://rauchfrei.at/?s={search_term_string}"},"query-input":{"@type":"PropertyValueSpecification","valueRequired":true,"valueName":"search_term_string"}}],"inLanguage":"en-US"}]}</script>
<!-- / Yoast SEO plugin. -->

Rauchen in Wohnhäusern - Rauchfrei Telefon

Rauchen in Wohnhäusern Derzeit gibt es keine allgemeine gesetzliche Regelung, was das Rauchen in Wohnhäusern betrifft. Häufig finden sich in der Hausordnung des Wohnhauses Regelungen dazu. Wenn Sie Passivrauchbelastung durch Ihren Wohnungsnachbarin oder Nachbarn ausgesetzt sind, können Sie sich hier Auskünfte einholen: Mietervereinigung des Bundeslandes jeweiliges Gemeinde- bzw. Stadtamt Ombudsstelle für Nichtraucher/innenschutz Weiters gibt es [&hellip;]

Eine österreichweite Initiative der Sozialversicherungen.
