
{"id":2630,"date":"2012-06-19T13:46:06","date_gmt":"2012-06-19T13:46:06","guid":{"rendered":"http:\/\/web362.itscserver.org\/wordpress\/?page_id=2630"},"modified":"2015-10-16T14:07:53","modified_gmt":"2015-10-16T12:07:53","slug":"passivrauchbelastung-im-auto","status":"publish","type":"page","link":"https:\/\/rauchfrei.at\/en\/passivrauchbelastung-im-auto\/","title":{"rendered":"Passivrauchbelastung im Auto"},"content":{"rendered":"<p><strong>Rauchen im Auto stellt eine besonders massive Gesundheitsbelastung f\u00fcr alle Mitfahrenden dar,<\/strong> da die Schadstoffkonzentration im Auto wesentlich h\u00f6her ist als in jedem anderen Raum.<\/p>\n<p>Laut einer Aussendung der Britischen \u00c4rztevereinigung BMA steigt die Feinstaubbelastung in Autos im Vergleich zu verrauchten Bars auf das 23-fache. Besonders f\u00fcr Kinder ist dies eine enorme Belastung durch Giftstoffe.<\/p>\n<p><strong>Erkl\u00e4ren Sie Ihr Auto zur rauchfreien Zone<\/strong> und sch\u00fctzen Sie sich und Ihre Mitfahrer\/innen!<\/p>\n<p><a href=\"https:\/\/rauchfrei.at\/wp-content\/uploads\/Danke-f\u00fcrs-Nichtrauchen.jpg\"><img loading=\"lazy\" decoding=\"async\" class=\"aligncenter size-large wp-image-5680\" src=\"https:\/\/rauchfrei.at\/wp-content\/uploads\/Danke-f\u00fcrs-Nichtrauchen-480x678.jpg\" alt=\"Danke f\u00fcr's Nichtrauchen\" width=\"480\" height=\"678\" srcset=\"https:\/\/rauchfrei.at\/wp-content\/uploads\/Danke-f\u00fcrs-Nichtrauchen-480x678.jpg 480w, https:\/\/rauchfrei.at\/wp-content\/uploads\/Danke-f\u00fcrs-Nichtrauchen-225x318.jpg 225w, https:\/\/rauchfrei.at\/wp-content\/uploads\/Danke-f\u00fcrs-Nichtrauchen.jpg 828w\" sizes=\"(max-width: 480px) 100vw, 480px\" \/><\/a><\/p>\n","protected":false},"excerpt":{"rendered":"<p>Rauchen im Auto stellt eine besonders massive Gesundheitsbelastung f\u00fcr alle Mitfahrenden dar, da die Schadstoffkonzentration im Auto wesentlich h\u00f6her ist als in jedem anderen Raum. Laut einer Aussendung der Britischen \u00c4rztevereinigung BMA steigt die Feinstaubbelastung in Autos im Vergleich zu verrauchten Bars auf das 23-fache. Besonders f\u00fcr Kinder ist dies eine enorme Belastung durch Giftstoffe. [&hellip;]<\/p>\n","protected":false},"author":7,"featured_media":0,"parent":0,"menu_order":0,"comment_status":"open","ping_status":"open","template":"","meta":{"_et_pb_use_builder":"","_et_pb_old_content":"","_et_gb_content_width":"","footnotes":""},"class_list":["post-2630","page","type-page","status-publish","hentry"],"yoast_head":"<!-- This site is optimized with the Yoast SEO plugin v26.2 - https:\/\/yoast.com\/wordpress\/plugins\/seo\/ -->\n<title>Passivrauchbelastung im Auto - Rauchfrei Telefon<\/title>\n<meta name=\"robots\" content=\"index, follow, max-snippet:-1, max-image-preview:large, max-video-preview:-1\" \/>\n<link rel=\"canonical\" href=\"https:\/\/rauchfrei.at\/passivrauchbelastung-im-auto\/\" \/>\n<meta property=\"og:locale\" content=\"en_US\" \/>\n<meta property=\"og:type\" content=\"article\" \/>\n<meta property=\"og:title\" content=\"Passivrauchbelastung im Auto - Rauchfrei Telefon\" \/>\n<meta property=\"og:description\" content=\"Rauchen im Auto stellt eine besonders massive Gesundheitsbelastung f\u00fcr alle Mitfahrenden dar, da die Schadstoffkonzentration im Auto wesentlich h\u00f6her ist als in jedem anderen Raum. Laut einer Aussendung der Britischen \u00c4rztevereinigung BMA steigt die Feinstaubbelastung in Autos im Vergleich zu verrauchten Bars auf das 23-fache. Besonders f\u00fcr Kinder ist dies eine enorme Belastung durch Giftstoffe. [&hellip;]\" \/>\n<meta property=\"og:url\" content=\"https:\/\/rauchfrei.at\/passivrauchbelastung-im-auto\/\" \/>\n<meta property=\"og:site_name\" content=\"Rauchfrei Telefon\" \/>\n<meta property=\"article:modified_time\" content=\"2015-10-16T12:07:53+00:00\" \/>\n<meta property=\"og:image\" content=\"https:\/\/rauchfrei.at\/wp-content\/uploads\/Danke-f\u00fcrs-Nichtrauchen-480x678.jpg\" \/>\n<meta name=\"twitter:card\" content=\"summary_large_image\" \/>\n<script type=\"application\/ld+json\" class=\"yoast-schema-graph\">{\"@context\":\"https:\/\/schema.org\",\"@graph\":[{\"@type\":\"WebPage\",\"@id\":\"https:\/\/rauchfrei.at\/passivrauchbelastung-im-auto\/\",\"url\":\"https:\/\/rauchfrei.at\/passivrauchbelastung-im-auto\/\",\"name\":\"Passivrauchbelastung im Auto - Rauchfrei Telefon\",\"isPartOf\":{\"@id\":\"https:\/\/rauchfrei.at\/#website\"},\"datePublished\":\"2012-06-19T13:46:06+00:00\",\"dateModified\":\"2015-10-16T12:07:53+00:00\",\"inLanguage\":\"en-US\",\"potentialAction\":[{\"@type\":\"ReadAction\",\"target\":[\"https:\/\/rauchfrei.at\/passivrauchbelastung-im-auto\/\"]}]},{\"@type\":\"WebSite\",\"@id\":\"https:\/\/rauchfrei.at\/#website\",\"url\":\"https:\/\/rauchfrei.at\/\",\"name\":\"Rauchfrei Telefon\",\"description\":\"Eine \u00f6sterreichweite Initiative der Sozialversicherungen.\",\"potentialAction\":[{\"@type\":\"SearchAction\",\"target\":{\"@type\":\"EntryPoint\",\"urlTemplate\":\"https:\/\/rauchfrei.at\/?s={search_term_string}\"},\"query-input\":{\"@type\":\"PropertyValueSpecification\",\"valueRequired\":true,\"valueName\":\"search_term_string\"}}],\"inLanguage\":\"en-US\"}]}<\/script>\n<!-- \/ Yoast SEO plugin. -->","yoast_head_json":{"title":"Passivrauchbelastung im Auto - Rauchfrei Telefon","robots":{"index":"index","follow":"follow","max-snippet":"max-snippet:-1","max-image-preview":"max-image-preview:large","max-video-preview":"max-video-preview:-1"},"canonical":"https:\/\/rauchfrei.at\/passivrauchbelastung-im-auto\/","og_locale":"en_US","og_type":"article","og_title":"Passivrauchbelastung im Auto - Rauchfrei Telefon","og_description":"Rauchen im Auto stellt eine besonders massive Gesundheitsbelastung f\u00fcr alle Mitfahrenden dar, da die Schadstoffkonzentration im Auto wesentlich h\u00f6her ist als in jedem anderen Raum. Laut einer Aussendung der Britischen \u00c4rztevereinigung BMA steigt die Feinstaubbelastung in Autos im Vergleich zu verrauchten Bars auf das 23-fache. Besonders f\u00fcr Kinder ist dies eine enorme Belastung durch Giftstoffe. [&hellip;]","og_url":"https:\/\/rauchfrei.at\/passivrauchbelastung-im-auto\/","og_site_name":"Rauchfrei Telefon","article_modified_time":"2015-10-16T12:07:53+00:00","og_image":[{"url":"https:\/\/rauchfrei.at\/wp-content\/uploads\/Danke-f\u00fcrs-Nichtrauchen-480x678.jpg","type":"","width":"","height":""}],"twitter_card":"summary_large_image","schema":{"@context":"https:\/\/schema.org","@graph":[{"@type":"WebPage","@id":"https:\/\/rauchfrei.at\/passivrauchbelastung-im-auto\/","url":"https:\/\/rauchfrei.at\/passivrauchbelastung-im-auto\/","name":"Passivrauchbelastung im Auto - Rauchfrei Telefon","isPartOf":{"@id":"https:\/\/rauchfrei.at\/#website"},"datePublished":"2012-06-19T13:46:06+00:00","dateModified":"2015-10-16T12:07:53+00:00","inLanguage":"en-US","potentialAction":[{"@type":"ReadAction","target":["https:\/\/rauchfrei.at\/passivrauchbelastung-im-auto\/"]}]},{"@type":"WebSite","@id":"https:\/\/rauchfrei.at\/#website","url":"https:\/\/rauchfrei.at\/","name":"Rauchfrei Telefon","description":"Eine \u00f6sterreichweite Initiative der Sozialversicherungen.","potentialAction":[{"@type":"SearchAction","target":{"@type":"EntryPoint","urlTemplate":"https:\/\/rauchfrei.at\/?s={search_term_string}"},"query-input":{"@type":"PropertyValueSpecification","valueRequired":true,"valueName":"search_term_string"}}],"inLanguage":"en-US"}]}},"_links":{"self":[{"href":"https:\/\/rauchfrei.at\/en\/wp-json\/wp\/v2\/pages\/2630","targetHints":{"allow":["GET"]}}],"collection":[{"href":"https:\/\/rauchfrei.at\/en\/wp-json\/wp\/v2\/pages"}],"about":[{"href":"https:\/\/rauchfrei.at\/en\/wp-json\/wp\/v2\/types\/page"}],"author":[{"embeddable":true,"href":"https:\/\/rauchfrei.at\/en\/wp-json\/wp\/v2\/users\/7"}],"replies":[{"embeddable":true,"href":"https:\/\/rauchfrei.at\/en\/wp-json\/wp\/v2\/comments?post=2630"}],"version-history":[{"count":5,"href":"https:\/\/rauchfrei.at\/en\/wp-json\/wp\/v2\/pages\/2630\/revisions"}],"predecessor-version":[{"id":7609,"href":"https:\/\/rauchfrei.at\/en\/wp-json\/wp\/v2\/pages\/2630\/revisions\/7609"}],"wp:attachment":[{"href":"https:\/\/rauchfrei.at\/en\/wp-json\/wp\/v2\/media?parent=2630"}],"curies":[{"name":"wp","href":"https:\/\/api.w.org\/{rel}","templated":true}]}}

<p><strong>Rauchen im Auto stellt eine besonders massive Gesundheitsbelastung für alle Mitfahrenden dar,</strong> da die Schadstoffkonzentration im Auto wesentlich höher ist als in jedem anderen Raum.</p>
<p>Laut einer Aussendung der Britischen Ärztevereinigung BMA steigt die Feinstaubbelastung in Autos im Vergleich zu verrauchten Bars auf das 23-fache. Besonders für Kinder ist dies eine enorme Belastung durch Giftstoffe.</p>
<p><strong>Erklären Sie Ihr Auto zur rauchfreien Zone</strong> und schützen Sie sich und Ihre Mitfahrer/innen!</p>
<p><a href="https://rauchfrei.at/wp-content/uploads/Danke-fürs-Nichtrauchen.jpg"><img loading="lazy" decoding="async" class="aligncenter size-large wp-image-5680" src="https://rauchfrei.at/wp-content/uploads/Danke-fürs-Nichtrauchen-480x678.jpg" alt="Danke für's Nichtrauchen" width="480" height="678" srcset="https://rauchfrei.at/wp-content/uploads/Danke-fürs-Nichtrauchen-480x678.jpg 480w, https://rauchfrei.at/wp-content/uploads/Danke-fürs-Nichtrauchen-225x318.jpg 225w, https://rauchfrei.at/wp-content/uploads/Danke-fürs-Nichtrauchen.jpg 828w" sizes="(max-width: 480px) 100vw, 480px" /></a></p>

<p>Rauchen im Auto stellt eine besonders massive Gesundheitsbelastung für alle Mitfahrenden dar, da die Schadstoffkonzentration im Auto wesentlich höher ist als in jedem anderen Raum. Laut einer Aussendung der Britischen Ärztevereinigung BMA steigt die Feinstaubbelastung in Autos im Vergleich zu verrauchten Bars auf das 23-fache. Besonders für Kinder ist dies eine enorme Belastung durch Giftstoffe. [&hellip;]</p>

<!-- This site is optimized with the Yoast SEO plugin v26.2 - https://yoast.com/wordpress/plugins/seo/ -->
<title>Passivrauchbelastung im Auto - Rauchfrei Telefon</title>
<meta name="robots" content="index, follow, max-snippet:-1, max-image-preview:large, max-video-preview:-1" />
<link rel="canonical" href="https://rauchfrei.at/passivrauchbelastung-im-auto/" />
<meta property="og:locale" content="en_US" />
<meta property="og:type" content="article" />
<meta property="og:title" content="Passivrauchbelastung im Auto - Rauchfrei Telefon" />
<meta property="og:description" content="Rauchen im Auto stellt eine besonders massive Gesundheitsbelastung für alle Mitfahrenden dar, da die Schadstoffkonzentration im Auto wesentlich höher ist als in jedem anderen Raum. Laut einer Aussendung der Britischen Ärztevereinigung BMA steigt die Feinstaubbelastung in Autos im Vergleich zu verrauchten Bars auf das 23-fache. Besonders für Kinder ist dies eine enorme Belastung durch Giftstoffe. [&hellip;]" />
<meta property="og:url" content="https://rauchfrei.at/passivrauchbelastung-im-auto/" />
<meta property="og:site_name" content="Rauchfrei Telefon" />
<meta property="article:modified_time" content="2015-10-16T12:07:53+00:00" />
<meta property="og:image" content="https://rauchfrei.at/wp-content/uploads/Danke-fürs-Nichtrauchen-480x678.jpg" />
<meta name="twitter:card" content="summary_large_image" />
<script type="application/ld+json" class="yoast-schema-graph">{"@context":"https://schema.org","@graph":[{"@type":"WebPage","@id":"https://rauchfrei.at/passivrauchbelastung-im-auto/","url":"https://rauchfrei.at/passivrauchbelastung-im-auto/","name":"Passivrauchbelastung im Auto - Rauchfrei Telefon","isPartOf":{"@id":"https://rauchfrei.at/#website"},"datePublished":"2012-06-19T13:46:06+00:00","dateModified":"2015-10-16T12:07:53+00:00","inLanguage":"en-US","potentialAction":[{"@type":"ReadAction","target":["https://rauchfrei.at/passivrauchbelastung-im-auto/"]}]},{"@type":"WebSite","@id":"https://rauchfrei.at/#website","url":"https://rauchfrei.at/","name":"Rauchfrei Telefon","description":"Eine österreichweite Initiative der Sozialversicherungen.","potentialAction":[{"@type":"SearchAction","target":{"@type":"EntryPoint","urlTemplate":"https://rauchfrei.at/?s={search_term_string}"},"query-input":{"@type":"PropertyValueSpecification","valueRequired":true,"valueName":"search_term_string"}}],"inLanguage":"en-US"}]}</script>
<!-- / Yoast SEO plugin. -->

Rauchen im Auto stellt eine besonders massive Gesundheitsbelastung für alle Mitfahrenden dar, da die Schadstoffkonzentration im Auto wesentlich höher ist als in jedem anderen Raum. Laut einer Aussendung der Britischen Ärztevereinigung BMA steigt die Feinstaubbelastung in Autos im Vergleich zu verrauchten Bars auf das 23-fache. Besonders für Kinder ist dies eine enorme Belastung durch Giftstoffe. [&hellip;]

https://rauchfrei.at/wp-content/uploads/Danke-fürs-Nichtrauchen-480x678.jpg

Eine österreichweite Initiative der Sozialversicherungen.
