
{"id":2632,"date":"2012-06-19T13:47:24","date_gmt":"2012-06-19T13:47:24","guid":{"rendered":"http:\/\/web362.itscserver.org\/wordpress\/?page_id=2632"},"modified":"2012-06-20T05:25:17","modified_gmt":"2012-06-20T05:25:17","slug":"schutz-vor-passivrauch","status":"publish","type":"page","link":"https:\/\/rauchfrei.at\/en\/schutz-vor-passivrauch\/","title":{"rendered":"Schutz vor Passivrauch"},"content":{"rendered":"<ul>\n<li>Sch\u00fctzen Sie sich und Ihr Umfeld vor Passivrauch!<\/li>\n<\/ul>\n<ul>\n<li>Rauchen Sie nicht in Ihrer Wohnung. Der Zigarettenrauch setzt sich an Decken, W\u00e4nden und Kleidung ab. Auch durch L\u00fcften werden die Schadstoffe nicht vollst\u00e4ndig entfernt. Erkl\u00e4ren Sie Ihre Wohnung zur rauchfreien Zone!<\/li>\n<\/ul>\n<ul>\n<li>Weisen Sie Ihre G\u00e4ste darauf hin, dass Ihre Wohnung rauchfrei ist. Argumentieren Sie ruhig und sachlich, wenn Sie erkl\u00e4ren, warum bei Ihnen nicht geraucht wird. Die meisten Raucher und Raucherinnen wissen einfach nicht, wie stark sie anderen mit ihrem Tabakrauch schaden.<\/li>\n<\/ul>\n<ul>\n<li>Rauchen Sie nicht im Auto. Die Konzentration der Tabakgifte in einem verrauchten Auto ist besonders hoch.<\/li>\n<\/ul>\n<ul>\n<li>Bitten Sie Gro\u00dfeltern, Babysitter und andere Bezugspersonen, nicht in der Anwesenheit Ihres Kindes zu rauchen. In Kinderkrippen, Kinderg\u00e4rten und auf Kinderspielpl\u00e4tzen sollte es selbstverst\u00e4ndlich sein, dass nicht geraucht wird. Alle Einrichtungen f\u00fcr Kinder sollten rauchfrei sein.<\/li>\n<\/ul>\n","protected":false},"excerpt":{"rendered":"<p>Sch\u00fctzen Sie sich und Ihr Umfeld vor Passivrauch! Rauchen Sie nicht in Ihrer Wohnung. Der Zigarettenrauch setzt sich an Decken, W\u00e4nden und Kleidung ab. Auch durch L\u00fcften werden die Schadstoffe nicht vollst\u00e4ndig entfernt. Erkl\u00e4ren Sie Ihre Wohnung zur rauchfreien Zone! Weisen Sie Ihre G\u00e4ste darauf hin, dass Ihre Wohnung rauchfrei ist. Argumentieren Sie ruhig und [&hellip;]<\/p>\n","protected":false},"author":7,"featured_media":0,"parent":0,"menu_order":0,"comment_status":"open","ping_status":"open","template":"","meta":{"_et_pb_use_builder":"","_et_pb_old_content":"","_et_gb_content_width":"","footnotes":""},"class_list":["post-2632","page","type-page","status-publish","hentry"],"yoast_head":"<!-- This site is optimized with the Yoast SEO plugin v26.2 - https:\/\/yoast.com\/wordpress\/plugins\/seo\/ -->\n<title>Schutz vor Passivrauch - Rauchfrei Telefon<\/title>\n<meta name=\"robots\" content=\"index, follow, max-snippet:-1, max-image-preview:large, max-video-preview:-1\" \/>\n<link rel=\"canonical\" href=\"https:\/\/rauchfrei.at\/schutz-vor-passivrauch\/\" \/>\n<meta property=\"og:locale\" content=\"en_US\" \/>\n<meta property=\"og:type\" content=\"article\" \/>\n<meta property=\"og:title\" content=\"Schutz vor Passivrauch - Rauchfrei Telefon\" \/>\n<meta property=\"og:description\" content=\"Sch\u00fctzen Sie sich und Ihr Umfeld vor Passivrauch! Rauchen Sie nicht in Ihrer Wohnung. Der Zigarettenrauch setzt sich an Decken, W\u00e4nden und Kleidung ab. Auch durch L\u00fcften werden die Schadstoffe nicht vollst\u00e4ndig entfernt. Erkl\u00e4ren Sie Ihre Wohnung zur rauchfreien Zone! Weisen Sie Ihre G\u00e4ste darauf hin, dass Ihre Wohnung rauchfrei ist. Argumentieren Sie ruhig und [&hellip;]\" \/>\n<meta property=\"og:url\" content=\"https:\/\/rauchfrei.at\/schutz-vor-passivrauch\/\" \/>\n<meta property=\"og:site_name\" content=\"Rauchfrei Telefon\" \/>\n<meta property=\"article:modified_time\" content=\"2012-06-20T05:25:17+00:00\" \/>\n<meta name=\"twitter:card\" content=\"summary_large_image\" \/>\n<meta name=\"twitter:label1\" content=\"Est. reading time\" \/>\n\t<meta name=\"twitter:data1\" content=\"1 minute\" \/>\n<script type=\"application\/ld+json\" class=\"yoast-schema-graph\">{\"@context\":\"https:\/\/schema.org\",\"@graph\":[{\"@type\":\"WebPage\",\"@id\":\"https:\/\/rauchfrei.at\/schutz-vor-passivrauch\/\",\"url\":\"https:\/\/rauchfrei.at\/schutz-vor-passivrauch\/\",\"name\":\"Schutz vor Passivrauch - Rauchfrei Telefon\",\"isPartOf\":{\"@id\":\"https:\/\/rauchfrei.at\/#website\"},\"datePublished\":\"2012-06-19T13:47:24+00:00\",\"dateModified\":\"2012-06-20T05:25:17+00:00\",\"inLanguage\":\"en-US\",\"potentialAction\":[{\"@type\":\"ReadAction\",\"target\":[\"https:\/\/rauchfrei.at\/schutz-vor-passivrauch\/\"]}]},{\"@type\":\"WebSite\",\"@id\":\"https:\/\/rauchfrei.at\/#website\",\"url\":\"https:\/\/rauchfrei.at\/\",\"name\":\"Rauchfrei Telefon\",\"description\":\"Eine \u00f6sterreichweite Initiative der Sozialversicherungen.\",\"potentialAction\":[{\"@type\":\"SearchAction\",\"target\":{\"@type\":\"EntryPoint\",\"urlTemplate\":\"https:\/\/rauchfrei.at\/?s={search_term_string}\"},\"query-input\":{\"@type\":\"PropertyValueSpecification\",\"valueRequired\":true,\"valueName\":\"search_term_string\"}}],\"inLanguage\":\"en-US\"}]}<\/script>\n<!-- \/ Yoast SEO plugin. -->","yoast_head_json":{"title":"Schutz vor Passivrauch - Rauchfrei Telefon","robots":{"index":"index","follow":"follow","max-snippet":"max-snippet:-1","max-image-preview":"max-image-preview:large","max-video-preview":"max-video-preview:-1"},"canonical":"https:\/\/rauchfrei.at\/schutz-vor-passivrauch\/","og_locale":"en_US","og_type":"article","og_title":"Schutz vor Passivrauch - Rauchfrei Telefon","og_description":"Sch\u00fctzen Sie sich und Ihr Umfeld vor Passivrauch! Rauchen Sie nicht in Ihrer Wohnung. Der Zigarettenrauch setzt sich an Decken, W\u00e4nden und Kleidung ab. Auch durch L\u00fcften werden die Schadstoffe nicht vollst\u00e4ndig entfernt. Erkl\u00e4ren Sie Ihre Wohnung zur rauchfreien Zone! Weisen Sie Ihre G\u00e4ste darauf hin, dass Ihre Wohnung rauchfrei ist. Argumentieren Sie ruhig und [&hellip;]","og_url":"https:\/\/rauchfrei.at\/schutz-vor-passivrauch\/","og_site_name":"Rauchfrei Telefon","article_modified_time":"2012-06-20T05:25:17+00:00","twitter_card":"summary_large_image","twitter_misc":{"Est. reading time":"1 minute"},"schema":{"@context":"https:\/\/schema.org","@graph":[{"@type":"WebPage","@id":"https:\/\/rauchfrei.at\/schutz-vor-passivrauch\/","url":"https:\/\/rauchfrei.at\/schutz-vor-passivrauch\/","name":"Schutz vor Passivrauch - Rauchfrei Telefon","isPartOf":{"@id":"https:\/\/rauchfrei.at\/#website"},"datePublished":"2012-06-19T13:47:24+00:00","dateModified":"2012-06-20T05:25:17+00:00","inLanguage":"en-US","potentialAction":[{"@type":"ReadAction","target":["https:\/\/rauchfrei.at\/schutz-vor-passivrauch\/"]}]},{"@type":"WebSite","@id":"https:\/\/rauchfrei.at\/#website","url":"https:\/\/rauchfrei.at\/","name":"Rauchfrei Telefon","description":"Eine \u00f6sterreichweite Initiative der Sozialversicherungen.","potentialAction":[{"@type":"SearchAction","target":{"@type":"EntryPoint","urlTemplate":"https:\/\/rauchfrei.at\/?s={search_term_string}"},"query-input":{"@type":"PropertyValueSpecification","valueRequired":true,"valueName":"search_term_string"}}],"inLanguage":"en-US"}]}},"_links":{"self":[{"href":"https:\/\/rauchfrei.at\/en\/wp-json\/wp\/v2\/pages\/2632","targetHints":{"allow":["GET"]}}],"collection":[{"href":"https:\/\/rauchfrei.at\/en\/wp-json\/wp\/v2\/pages"}],"about":[{"href":"https:\/\/rauchfrei.at\/en\/wp-json\/wp\/v2\/types\/page"}],"author":[{"embeddable":true,"href":"https:\/\/rauchfrei.at\/en\/wp-json\/wp\/v2\/users\/7"}],"replies":[{"embeddable":true,"href":"https:\/\/rauchfrei.at\/en\/wp-json\/wp\/v2\/comments?post=2632"}],"version-history":[{"count":3,"href":"https:\/\/rauchfrei.at\/en\/wp-json\/wp\/v2\/pages\/2632\/revisions"}],"predecessor-version":[{"id":2646,"href":"https:\/\/rauchfrei.at\/en\/wp-json\/wp\/v2\/pages\/2632\/revisions\/2646"}],"wp:attachment":[{"href":"https:\/\/rauchfrei.at\/en\/wp-json\/wp\/v2\/media?parent=2632"}],"curies":[{"name":"wp","href":"https:\/\/api.w.org\/{rel}","templated":true}]}}

<ul>
<li>Schützen Sie sich und Ihr Umfeld vor Passivrauch!</li>
</ul>
<ul>
<li>Rauchen Sie nicht in Ihrer Wohnung. Der Zigarettenrauch setzt sich an Decken, Wänden und Kleidung ab. Auch durch Lüften werden die Schadstoffe nicht vollständig entfernt. Erklären Sie Ihre Wohnung zur rauchfreien Zone!</li>
</ul>
<ul>
<li>Weisen Sie Ihre Gäste darauf hin, dass Ihre Wohnung rauchfrei ist. Argumentieren Sie ruhig und sachlich, wenn Sie erklären, warum bei Ihnen nicht geraucht wird. Die meisten Raucher und Raucherinnen wissen einfach nicht, wie stark sie anderen mit ihrem Tabakrauch schaden.</li>
</ul>
<ul>
<li>Rauchen Sie nicht im Auto. Die Konzentration der Tabakgifte in einem verrauchten Auto ist besonders hoch.</li>
</ul>
<ul>
<li>Bitten Sie Großeltern, Babysitter und andere Bezugspersonen, nicht in der Anwesenheit Ihres Kindes zu rauchen. In Kinderkrippen, Kindergärten und auf Kinderspielplätzen sollte es selbstverständlich sein, dass nicht geraucht wird. Alle Einrichtungen für Kinder sollten rauchfrei sein.</li>
</ul>

<p>Schützen Sie sich und Ihr Umfeld vor Passivrauch! Rauchen Sie nicht in Ihrer Wohnung. Der Zigarettenrauch setzt sich an Decken, Wänden und Kleidung ab. Auch durch Lüften werden die Schadstoffe nicht vollständig entfernt. Erklären Sie Ihre Wohnung zur rauchfreien Zone! Weisen Sie Ihre Gäste darauf hin, dass Ihre Wohnung rauchfrei ist. Argumentieren Sie ruhig und [&hellip;]</p>

<!-- This site is optimized with the Yoast SEO plugin v26.2 - https://yoast.com/wordpress/plugins/seo/ -->
<title>Schutz vor Passivrauch - Rauchfrei Telefon</title>
<meta name="robots" content="index, follow, max-snippet:-1, max-image-preview:large, max-video-preview:-1" />
<link rel="canonical" href="https://rauchfrei.at/schutz-vor-passivrauch/" />
<meta property="og:locale" content="en_US" />
<meta property="og:type" content="article" />
<meta property="og:title" content="Schutz vor Passivrauch - Rauchfrei Telefon" />
<meta property="og:description" content="Schützen Sie sich und Ihr Umfeld vor Passivrauch! Rauchen Sie nicht in Ihrer Wohnung. Der Zigarettenrauch setzt sich an Decken, Wänden und Kleidung ab. Auch durch Lüften werden die Schadstoffe nicht vollständig entfernt. Erklären Sie Ihre Wohnung zur rauchfreien Zone! Weisen Sie Ihre Gäste darauf hin, dass Ihre Wohnung rauchfrei ist. Argumentieren Sie ruhig und [&hellip;]" />
<meta property="og:url" content="https://rauchfrei.at/schutz-vor-passivrauch/" />
<meta property="og:site_name" content="Rauchfrei Telefon" />
<meta property="article:modified_time" content="2012-06-20T05:25:17+00:00" />
<meta name="twitter:card" content="summary_large_image" />
<meta name="twitter:label1" content="Est. reading time" />
	<meta name="twitter:data1" content="1 minute" />
<script type="application/ld+json" class="yoast-schema-graph">{"@context":"https://schema.org","@graph":[{"@type":"WebPage","@id":"https://rauchfrei.at/schutz-vor-passivrauch/","url":"https://rauchfrei.at/schutz-vor-passivrauch/","name":"Schutz vor Passivrauch - Rauchfrei Telefon","isPartOf":{"@id":"https://rauchfrei.at/#website"},"datePublished":"2012-06-19T13:47:24+00:00","dateModified":"2012-06-20T05:25:17+00:00","inLanguage":"en-US","potentialAction":[{"@type":"ReadAction","target":["https://rauchfrei.at/schutz-vor-passivrauch/"]}]},{"@type":"WebSite","@id":"https://rauchfrei.at/#website","url":"https://rauchfrei.at/","name":"Rauchfrei Telefon","description":"Eine österreichweite Initiative der Sozialversicherungen.","potentialAction":[{"@type":"SearchAction","target":{"@type":"EntryPoint","urlTemplate":"https://rauchfrei.at/?s={search_term_string}"},"query-input":{"@type":"PropertyValueSpecification","valueRequired":true,"valueName":"search_term_string"}}],"inLanguage":"en-US"}]}</script>
<!-- / Yoast SEO plugin. -->

Schützen Sie sich und Ihr Umfeld vor Passivrauch! Rauchen Sie nicht in Ihrer Wohnung. Der Zigarettenrauch setzt sich an Decken, Wänden und Kleidung ab. Auch durch Lüften werden die Schadstoffe nicht vollständig entfernt. Erklären Sie Ihre Wohnung zur rauchfreien Zone! Weisen Sie Ihre Gäste darauf hin, dass Ihre Wohnung rauchfrei ist. Argumentieren Sie ruhig und [&hellip;]

Eine österreichweite Initiative der Sozialversicherungen.
