
{"id":9174,"date":"2017-04-05T11:34:10","date_gmt":"2017-04-05T09:34:10","guid":{"rendered":"http:\/\/rauchfrei.at\/?page_id=9174"},"modified":"2024-04-19T13:29:45","modified_gmt":"2024-04-19T11:29:45","slug":"symposium-schwangerschaft-und-rauchen","status":"publish","type":"page","link":"https:\/\/rauchfrei.at\/en\/fortbildung\/symposium-schwangerschaft-und-rauchen\/","title":{"rendered":"Symposium &#8220;Schwangerschaft und Rauchen&#8221;"},"content":{"rendered":"<p>Anl\u00e4sslich des Weltnichtrauchertages veranstaltete das Rauchfrei Telefon ein Symposium zum Thema Schwangerschaft und\u00a0Rauchen.<\/p>\n<p><img loading=\"lazy\" decoding=\"async\" class=\" wp-image-9177\" src=\"https:\/\/rauchfrei.at\/wp-content\/uploads\/pregnantWoman_field_rechts-480x719.jpg\" alt=\"Schwangere Frau \" width=\"234\" height=\"351\" data-id=\"9177\" srcset=\"https:\/\/rauchfrei.at\/wp-content\/uploads\/pregnantWoman_field_rechts-480x719.jpg 480w, https:\/\/rauchfrei.at\/wp-content\/uploads\/pregnantWoman_field_rechts-225x337.jpg 225w, https:\/\/rauchfrei.at\/wp-content\/uploads\/pregnantWoman_field_rechts-768x1151.jpg 768w, https:\/\/rauchfrei.at\/wp-content\/uploads\/pregnantWoman_field_rechts.jpg 1811w\" sizes=\"(max-width: 234px) 100vw, 234px\" \/><\/p>\n<p><a href=\"https:\/\/rauchfrei.at\/wp-content\/uploads\/Einladung_Symposium-Schwangerschaft-und-Rauchen.pdf\">Programm Symposium Schwangerschaft und Rauchen<\/a><\/p>\n<p><span style=\"text-decoration: underline;\"><strong>Hier k\u00f6nnen Sie alle Pr\u00e4sentationen einsehen:<\/strong><\/span><\/p>\n<p>Vortrag von O\u00c4 Priv.-Doz. Dr. Angela Zacharasiewicz: <a href=\"https:\/\/rauchfrei.at\/wp-content\/uploads\/N\u00d6GKK-FTS-A-Zacharasiewicz-Autosaved-v-1.pdf\" target=\"_blank\" rel=\"noopener\">Fetales Tabaksyndrom<\/a><\/p>\n<p>Vortrag Mag. Dr. Laura Brandt: <a href=\"https:\/\/rauchfrei.at\/wp-content\/uploads\/Die-Situation-rauchender-schwangerer-Frauen_Brandt_zur-Ver\u00f6ffentlichung.pdf\" target=\"_blank\" rel=\"noopener\">Die Situation rauchender schwangerer Frauen<\/a><\/p>\n<p>Vortrag MMag. Sophie Meingassner: <a href=\"https:\/\/rauchfrei.at\/wp-content\/uploads\/Meingassner_Beratung_Rauchfrei-Telefon.pdf\" target=\"_blank\" rel=\"noopener\">Die Beratung schwangeren Raucherinnen am Rauchfrei Telefon<\/a><\/p>\n<p>Vortrag Marianne Mayer: <a href=\"https:\/\/rauchfrei.at\/wp-content\/uploads\/Rauchen-in-der-Schwangerschaft_Die-Perspektive-einer-Hebamme.pdf\" target=\"_blank\" rel=\"noopener\">Rauchen in der Schwangerschaft &#8211; Die Perspektive einer Hebamme <\/a><\/p>\n<p>Vortrag von Mag. Daniela Thurner: <a href=\"https:\/\/rauchfrei.at\/wp-content\/uploads\/symposium_thurner_finale_version.pdf\" target=\"_blank\" rel=\"noopener\">Brosch\u00fcre &#8220;Eine Auszeit f\u00fcr Ihr Baby&#8221; &#8211; Information zu Alkohol und Rauchen f\u00fcr werdende M\u00fctter<\/a><\/p>\n<p>Vortrag: Prof. Dr. Dipl.-Ing. Hilda Tellioglu: Vibrette: Haptisches Tool zur Tabakentw\u00f6hnung<\/p>\n<p>Vortrag MMag. Sophie Meingassner: <a href=\"https:\/\/rauchfrei.at\/wp-content\/uploads\/Meingassner_Empfehlungen.pdf\" target=\"_blank\" rel=\"noopener\">Schlussfolgerungen und Empfehlungen f\u00fcr die Praxis <\/a><\/p>\n<p>&nbsp;<\/p>\n<p><strong>\u00a0<\/strong><\/p>\n","protected":false},"excerpt":{"rendered":"<p>Anl\u00e4sslich des Weltnichtrauchertages veranstaltete das Rauchfrei Telefon ein Symposium zum Thema Schwangerschaft und\u00a0Rauchen. Programm Symposium Schwangerschaft und Rauchen Hier k\u00f6nnen Sie alle Pr\u00e4sentationen einsehen: Vortrag von O\u00c4 Priv.-Doz. Dr. Angela Zacharasiewicz: Fetales Tabaksyndrom Vortrag Mag. Dr. Laura Brandt: Die Situation rauchender schwangerer Frauen Vortrag MMag. Sophie Meingassner: Die Beratung schwangeren Raucherinnen am Rauchfrei Telefon Vortrag [&hellip;]<\/p>\n","protected":false},"author":11,"featured_media":0,"parent":6767,"menu_order":0,"comment_status":"closed","ping_status":"closed","template":"","meta":{"_et_pb_use_builder":"","_et_pb_old_content":"","_et_gb_content_width":"","footnotes":""},"class_list":["post-9174","page","type-page","status-publish","hentry"],"yoast_head":"<!-- This site is optimized with the Yoast SEO plugin v26.2 - https:\/\/yoast.com\/wordpress\/plugins\/seo\/ -->\n<title>Symposium &quot;Schwangerschaft und Rauchen&quot; - Rauchfrei Telefon<\/title>\n<meta name=\"robots\" content=\"index, follow, max-snippet:-1, max-image-preview:large, max-video-preview:-1\" \/>\n<link rel=\"canonical\" href=\"https:\/\/rauchfrei.at\/fortbildung\/symposium-schwangerschaft-und-rauchen\/\" \/>\n<meta property=\"og:locale\" content=\"en_US\" \/>\n<meta property=\"og:type\" content=\"article\" \/>\n<meta property=\"og:title\" content=\"Symposium &quot;Schwangerschaft und Rauchen&quot; - Rauchfrei Telefon\" \/>\n<meta property=\"og:description\" content=\"Anl\u00e4sslich des Weltnichtrauchertages veranstaltete das Rauchfrei Telefon ein Symposium zum Thema Schwangerschaft und\u00a0Rauchen. Programm Symposium Schwangerschaft und Rauchen Hier k\u00f6nnen Sie alle Pr\u00e4sentationen einsehen: Vortrag von O\u00c4 Priv.-Doz. Dr. Angela Zacharasiewicz: Fetales Tabaksyndrom Vortrag Mag. Dr. Laura Brandt: Die Situation rauchender schwangerer Frauen Vortrag MMag. Sophie Meingassner: Die Beratung schwangeren Raucherinnen am Rauchfrei Telefon Vortrag [&hellip;]\" \/>\n<meta property=\"og:url\" content=\"https:\/\/rauchfrei.at\/fortbildung\/symposium-schwangerschaft-und-rauchen\/\" \/>\n<meta property=\"og:site_name\" content=\"Rauchfrei Telefon\" \/>\n<meta property=\"article:modified_time\" content=\"2024-04-19T11:29:45+00:00\" \/>\n<meta property=\"og:image\" content=\"https:\/\/rauchfrei.at\/wp-content\/uploads\/pregnantWoman_field_rechts-480x719.jpg\" \/>\n<meta name=\"twitter:card\" content=\"summary_large_image\" \/>\n<meta name=\"twitter:label1\" content=\"Est. reading time\" \/>\n\t<meta name=\"twitter:data1\" content=\"1 minute\" \/>\n<script type=\"application\/ld+json\" class=\"yoast-schema-graph\">{\"@context\":\"https:\/\/schema.org\",\"@graph\":[{\"@type\":\"WebPage\",\"@id\":\"https:\/\/rauchfrei.at\/fortbildung\/symposium-schwangerschaft-und-rauchen\/\",\"url\":\"https:\/\/rauchfrei.at\/fortbildung\/symposium-schwangerschaft-und-rauchen\/\",\"name\":\"Symposium \\\"Schwangerschaft und Rauchen\\\" - Rauchfrei Telefon\",\"isPartOf\":{\"@id\":\"https:\/\/rauchfrei.at\/#website\"},\"primaryImageOfPage\":{\"@id\":\"https:\/\/rauchfrei.at\/fortbildung\/symposium-schwangerschaft-und-rauchen\/#primaryimage\"},\"image\":{\"@id\":\"https:\/\/rauchfrei.at\/fortbildung\/symposium-schwangerschaft-und-rauchen\/#primaryimage\"},\"thumbnailUrl\":\"https:\/\/rauchfrei.at\/wp-content\/uploads\/pregnantWoman_field_rechts-480x719.jpg\",\"datePublished\":\"2017-04-05T09:34:10+00:00\",\"dateModified\":\"2024-04-19T11:29:45+00:00\",\"breadcrumb\":{\"@id\":\"https:\/\/rauchfrei.at\/fortbildung\/symposium-schwangerschaft-und-rauchen\/#breadcrumb\"},\"inLanguage\":\"en-US\",\"potentialAction\":[{\"@type\":\"ReadAction\",\"target\":[\"https:\/\/rauchfrei.at\/fortbildung\/symposium-schwangerschaft-und-rauchen\/\"]}]},{\"@type\":\"ImageObject\",\"inLanguage\":\"en-US\",\"@id\":\"https:\/\/rauchfrei.at\/fortbildung\/symposium-schwangerschaft-und-rauchen\/#primaryimage\",\"url\":\"https:\/\/rauchfrei.at\/wp-content\/uploads\/pregnantWoman_field_rechts-480x719.jpg\",\"contentUrl\":\"https:\/\/rauchfrei.at\/wp-content\/uploads\/pregnantWoman_field_rechts-480x719.jpg\"},{\"@type\":\"BreadcrumbList\",\"@id\":\"https:\/\/rauchfrei.at\/fortbildung\/symposium-schwangerschaft-und-rauchen\/#breadcrumb\",\"itemListElement\":[{\"@type\":\"ListItem\",\"position\":1,\"name\":\"Weiterbildung\",\"item\":\"https:\/\/rauchfrei.at\/fortbildung\/\"},{\"@type\":\"ListItem\",\"position\":2,\"name\":\"Symposium &#8222;Schwangerschaft und Rauchen&#8220;\"}]},{\"@type\":\"WebSite\",\"@id\":\"https:\/\/rauchfrei.at\/#website\",\"url\":\"https:\/\/rauchfrei.at\/\",\"name\":\"Rauchfrei Telefon\",\"description\":\"Eine \u00f6sterreichweite Initiative der Sozialversicherungen.\",\"potentialAction\":[{\"@type\":\"SearchAction\",\"target\":{\"@type\":\"EntryPoint\",\"urlTemplate\":\"https:\/\/rauchfrei.at\/?s={search_term_string}\"},\"query-input\":{\"@type\":\"PropertyValueSpecification\",\"valueRequired\":true,\"valueName\":\"search_term_string\"}}],\"inLanguage\":\"en-US\"}]}<\/script>\n<!-- \/ Yoast SEO plugin. -->","yoast_head_json":{"title":"Symposium \"Schwangerschaft und Rauchen\" - Rauchfrei Telefon","robots":{"index":"index","follow":"follow","max-snippet":"max-snippet:-1","max-image-preview":"max-image-preview:large","max-video-preview":"max-video-preview:-1"},"canonical":"https:\/\/rauchfrei.at\/fortbildung\/symposium-schwangerschaft-und-rauchen\/","og_locale":"en_US","og_type":"article","og_title":"Symposium \"Schwangerschaft und Rauchen\" - Rauchfrei Telefon","og_description":"Anl\u00e4sslich des Weltnichtrauchertages veranstaltete das Rauchfrei Telefon ein Symposium zum Thema Schwangerschaft und\u00a0Rauchen. Programm Symposium Schwangerschaft und Rauchen Hier k\u00f6nnen Sie alle Pr\u00e4sentationen einsehen: Vortrag von O\u00c4 Priv.-Doz. Dr. Angela Zacharasiewicz: Fetales Tabaksyndrom Vortrag Mag. Dr. Laura Brandt: Die Situation rauchender schwangerer Frauen Vortrag MMag. Sophie Meingassner: Die Beratung schwangeren Raucherinnen am Rauchfrei Telefon Vortrag [&hellip;]","og_url":"https:\/\/rauchfrei.at\/fortbildung\/symposium-schwangerschaft-und-rauchen\/","og_site_name":"Rauchfrei Telefon","article_modified_time":"2024-04-19T11:29:45+00:00","og_image":[{"url":"https:\/\/rauchfrei.at\/wp-content\/uploads\/pregnantWoman_field_rechts-480x719.jpg","type":"","width":"","height":""}],"twitter_card":"summary_large_image","twitter_misc":{"Est. reading time":"1 minute"},"schema":{"@context":"https:\/\/schema.org","@graph":[{"@type":"WebPage","@id":"https:\/\/rauchfrei.at\/fortbildung\/symposium-schwangerschaft-und-rauchen\/","url":"https:\/\/rauchfrei.at\/fortbildung\/symposium-schwangerschaft-und-rauchen\/","name":"Symposium \"Schwangerschaft und Rauchen\" - Rauchfrei Telefon","isPartOf":{"@id":"https:\/\/rauchfrei.at\/#website"},"primaryImageOfPage":{"@id":"https:\/\/rauchfrei.at\/fortbildung\/symposium-schwangerschaft-und-rauchen\/#primaryimage"},"image":{"@id":"https:\/\/rauchfrei.at\/fortbildung\/symposium-schwangerschaft-und-rauchen\/#primaryimage"},"thumbnailUrl":"https:\/\/rauchfrei.at\/wp-content\/uploads\/pregnantWoman_field_rechts-480x719.jpg","datePublished":"2017-04-05T09:34:10+00:00","dateModified":"2024-04-19T11:29:45+00:00","breadcrumb":{"@id":"https:\/\/rauchfrei.at\/fortbildung\/symposium-schwangerschaft-und-rauchen\/#breadcrumb"},"inLanguage":"en-US","potentialAction":[{"@type":"ReadAction","target":["https:\/\/rauchfrei.at\/fortbildung\/symposium-schwangerschaft-und-rauchen\/"]}]},{"@type":"ImageObject","inLanguage":"en-US","@id":"https:\/\/rauchfrei.at\/fortbildung\/symposium-schwangerschaft-und-rauchen\/#primaryimage","url":"https:\/\/rauchfrei.at\/wp-content\/uploads\/pregnantWoman_field_rechts-480x719.jpg","contentUrl":"https:\/\/rauchfrei.at\/wp-content\/uploads\/pregnantWoman_field_rechts-480x719.jpg"},{"@type":"BreadcrumbList","@id":"https:\/\/rauchfrei.at\/fortbildung\/symposium-schwangerschaft-und-rauchen\/#breadcrumb","itemListElement":[{"@type":"ListItem","position":1,"name":"Weiterbildung","item":"https:\/\/rauchfrei.at\/fortbildung\/"},{"@type":"ListItem","position":2,"name":"Symposium &#8222;Schwangerschaft und Rauchen&#8220;"}]},{"@type":"WebSite","@id":"https:\/\/rauchfrei.at\/#website","url":"https:\/\/rauchfrei.at\/","name":"Rauchfrei Telefon","description":"Eine \u00f6sterreichweite Initiative der Sozialversicherungen.","potentialAction":[{"@type":"SearchAction","target":{"@type":"EntryPoint","urlTemplate":"https:\/\/rauchfrei.at\/?s={search_term_string}"},"query-input":{"@type":"PropertyValueSpecification","valueRequired":true,"valueName":"search_term_string"}}],"inLanguage":"en-US"}]}},"_links":{"self":[{"href":"https:\/\/rauchfrei.at\/en\/wp-json\/wp\/v2\/pages\/9174","targetHints":{"allow":["GET"]}}],"collection":[{"href":"https:\/\/rauchfrei.at\/en\/wp-json\/wp\/v2\/pages"}],"about":[{"href":"https:\/\/rauchfrei.at\/en\/wp-json\/wp\/v2\/types\/page"}],"author":[{"embeddable":true,"href":"https:\/\/rauchfrei.at\/en\/wp-json\/wp\/v2\/users\/11"}],"replies":[{"embeddable":true,"href":"https:\/\/rauchfrei.at\/en\/wp-json\/wp\/v2\/comments?post=9174"}],"version-history":[{"count":6,"href":"https:\/\/rauchfrei.at\/en\/wp-json\/wp\/v2\/pages\/9174\/revisions"}],"predecessor-version":[{"id":29471,"href":"https:\/\/rauchfrei.at\/en\/wp-json\/wp\/v2\/pages\/9174\/revisions\/29471"}],"up":[{"embeddable":true,"href":"https:\/\/rauchfrei.at\/en\/wp-json\/wp\/v2\/pages\/6767"}],"wp:attachment":[{"href":"https:\/\/rauchfrei.at\/en\/wp-json\/wp\/v2\/media?parent=9174"}],"curies":[{"name":"wp","href":"https:\/\/api.w.org\/{rel}","templated":true}]}}

<p>Anlässlich des Weltnichtrauchertages veranstaltete das Rauchfrei Telefon ein Symposium zum Thema Schwangerschaft und Rauchen.</p>
<p><img loading="lazy" decoding="async" class=" wp-image-9177" src="https://rauchfrei.at/wp-content/uploads/pregnantWoman_field_rechts-480x719.jpg" alt="Schwangere Frau " width="234" height="351" data-id="9177" srcset="https://rauchfrei.at/wp-content/uploads/pregnantWoman_field_rechts-480x719.jpg 480w, https://rauchfrei.at/wp-content/uploads/pregnantWoman_field_rechts-225x337.jpg 225w, https://rauchfrei.at/wp-content/uploads/pregnantWoman_field_rechts-768x1151.jpg 768w, https://rauchfrei.at/wp-content/uploads/pregnantWoman_field_rechts.jpg 1811w" sizes="(max-width: 234px) 100vw, 234px" /></p>
<p><a href="https://rauchfrei.at/wp-content/uploads/Einladung_Symposium-Schwangerschaft-und-Rauchen.pdf">Programm Symposium Schwangerschaft und Rauchen</a></p>
<p><span style="text-decoration: underline;"><strong>Hier können Sie alle Präsentationen einsehen:</strong></span></p>
<p>Vortrag von OÄ Priv.-Doz. Dr. Angela Zacharasiewicz: <a href="https://rauchfrei.at/wp-content/uploads/NÖGKK-FTS-A-Zacharasiewicz-Autosaved-v-1.pdf" target="_blank" rel="noopener">Fetales Tabaksyndrom</a></p>
<p>Vortrag Mag. Dr. Laura Brandt: <a href="https://rauchfrei.at/wp-content/uploads/Die-Situation-rauchender-schwangerer-Frauen_Brandt_zur-Veröffentlichung.pdf" target="_blank" rel="noopener">Die Situation rauchender schwangerer Frauen</a></p>
<p>Vortrag MMag. Sophie Meingassner: <a href="https://rauchfrei.at/wp-content/uploads/Meingassner_Beratung_Rauchfrei-Telefon.pdf" target="_blank" rel="noopener">Die Beratung schwangeren Raucherinnen am Rauchfrei Telefon</a></p>
<p>Vortrag Marianne Mayer: <a href="https://rauchfrei.at/wp-content/uploads/Rauchen-in-der-Schwangerschaft_Die-Perspektive-einer-Hebamme.pdf" target="_blank" rel="noopener">Rauchen in der Schwangerschaft &#8211; Die Perspektive einer Hebamme </a></p>
<p>Vortrag von Mag. Daniela Thurner: <a href="https://rauchfrei.at/wp-content/uploads/symposium_thurner_finale_version.pdf" target="_blank" rel="noopener">Broschüre &#8220;Eine Auszeit für Ihr Baby&#8221; &#8211; Information zu Alkohol und Rauchen für werdende Mütter</a></p>
<p>Vortrag: Prof. Dr. Dipl.-Ing. Hilda Tellioglu: Vibrette: Haptisches Tool zur Tabakentwöhnung</p>
<p>Vortrag MMag. Sophie Meingassner: <a href="https://rauchfrei.at/wp-content/uploads/Meingassner_Empfehlungen.pdf" target="_blank" rel="noopener">Schlussfolgerungen und Empfehlungen für die Praxis </a></p>
<p>&nbsp;</p>
<p><strong> </strong></p>

<p>Anlässlich des Weltnichtrauchertages veranstaltete das Rauchfrei Telefon ein Symposium zum Thema Schwangerschaft und Rauchen. Programm Symposium Schwangerschaft und Rauchen Hier können Sie alle Präsentationen einsehen: Vortrag von OÄ Priv.-Doz. Dr. Angela Zacharasiewicz: Fetales Tabaksyndrom Vortrag Mag. Dr. Laura Brandt: Die Situation rauchender schwangerer Frauen Vortrag MMag. Sophie Meingassner: Die Beratung schwangeren Raucherinnen am Rauchfrei Telefon Vortrag [&hellip;]</p>

<!-- This site is optimized with the Yoast SEO plugin v26.2 - https://yoast.com/wordpress/plugins/seo/ -->
<title>Symposium &quot;Schwangerschaft und Rauchen&quot; - Rauchfrei Telefon</title>
<meta name="robots" content="index, follow, max-snippet:-1, max-image-preview:large, max-video-preview:-1" />
<link rel="canonical" href="https://rauchfrei.at/fortbildung/symposium-schwangerschaft-und-rauchen/" />
<meta property="og:locale" content="en_US" />
<meta property="og:type" content="article" />
<meta property="og:title" content="Symposium &quot;Schwangerschaft und Rauchen&quot; - Rauchfrei Telefon" />
<meta property="og:description" content="Anlässlich des Weltnichtrauchertages veranstaltete das Rauchfrei Telefon ein Symposium zum Thema Schwangerschaft und Rauchen. Programm Symposium Schwangerschaft und Rauchen Hier können Sie alle Präsentationen einsehen: Vortrag von OÄ Priv.-Doz. Dr. Angela Zacharasiewicz: Fetales Tabaksyndrom Vortrag Mag. Dr. Laura Brandt: Die Situation rauchender schwangerer Frauen Vortrag MMag. Sophie Meingassner: Die Beratung schwangeren Raucherinnen am Rauchfrei Telefon Vortrag [&hellip;]" />
<meta property="og:url" content="https://rauchfrei.at/fortbildung/symposium-schwangerschaft-und-rauchen/" />
<meta property="og:site_name" content="Rauchfrei Telefon" />
<meta property="article:modified_time" content="2024-04-19T11:29:45+00:00" />
<meta property="og:image" content="https://rauchfrei.at/wp-content/uploads/pregnantWoman_field_rechts-480x719.jpg" />
<meta name="twitter:card" content="summary_large_image" />
<meta name="twitter:label1" content="Est. reading time" />
	<meta name="twitter:data1" content="1 minute" />
<script type="application/ld+json" class="yoast-schema-graph">{"@context":"https://schema.org","@graph":[{"@type":"WebPage","@id":"https://rauchfrei.at/fortbildung/symposium-schwangerschaft-und-rauchen/","url":"https://rauchfrei.at/fortbildung/symposium-schwangerschaft-und-rauchen/","name":"Symposium \"Schwangerschaft und Rauchen\" - Rauchfrei Telefon","isPartOf":{"@id":"https://rauchfrei.at/#website"},"primaryImageOfPage":{"@id":"https://rauchfrei.at/fortbildung/symposium-schwangerschaft-und-rauchen/#primaryimage"},"image":{"@id":"https://rauchfrei.at/fortbildung/symposium-schwangerschaft-und-rauchen/#primaryimage"},"thumbnailUrl":"https://rauchfrei.at/wp-content/uploads/pregnantWoman_field_rechts-480x719.jpg","datePublished":"2017-04-05T09:34:10+00:00","dateModified":"2024-04-19T11:29:45+00:00","breadcrumb":{"@id":"https://rauchfrei.at/fortbildung/symposium-schwangerschaft-und-rauchen/#breadcrumb"},"inLanguage":"en-US","potentialAction":[{"@type":"ReadAction","target":["https://rauchfrei.at/fortbildung/symposium-schwangerschaft-und-rauchen/"]}]},{"@type":"ImageObject","inLanguage":"en-US","@id":"https://rauchfrei.at/fortbildung/symposium-schwangerschaft-und-rauchen/#primaryimage","url":"https://rauchfrei.at/wp-content/uploads/pregnantWoman_field_rechts-480x719.jpg","contentUrl":"https://rauchfrei.at/wp-content/uploads/pregnantWoman_field_rechts-480x719.jpg"},{"@type":"BreadcrumbList","@id":"https://rauchfrei.at/fortbildung/symposium-schwangerschaft-und-rauchen/#breadcrumb","itemListElement":[{"@type":"ListItem","position":1,"name":"Weiterbildung","item":"https://rauchfrei.at/fortbildung/"},{"@type":"ListItem","position":2,"name":"Symposium &#8222;Schwangerschaft und Rauchen&#8220;"}]},{"@type":"WebSite","@id":"https://rauchfrei.at/#website","url":"https://rauchfrei.at/","name":"Rauchfrei Telefon","description":"Eine österreichweite Initiative der Sozialversicherungen.","potentialAction":[{"@type":"SearchAction","target":{"@type":"EntryPoint","urlTemplate":"https://rauchfrei.at/?s={search_term_string}"},"query-input":{"@type":"PropertyValueSpecification","valueRequired":true,"valueName":"search_term_string"}}],"inLanguage":"en-US"}]}</script>
<!-- / Yoast SEO plugin. -->

Anlässlich des Weltnichtrauchertages veranstaltete das Rauchfrei Telefon ein Symposium zum Thema Schwangerschaft und Rauchen. Programm Symposium Schwangerschaft und Rauchen Hier können Sie alle Präsentationen einsehen: Vortrag von OÄ Priv.-Doz. Dr. Angela Zacharasiewicz: Fetales Tabaksyndrom Vortrag Mag. Dr. Laura Brandt: Die Situation rauchender schwangerer Frauen Vortrag MMag. Sophie Meingassner: Die Beratung schwangeren Raucherinnen am Rauchfrei Telefon Vortrag [&hellip;]

Eine österreichweite Initiative der Sozialversicherungen.
